{"id":12577,"date":"2021-10-28T14:09:57","date_gmt":"2021-10-28T17:09:57","guid":{"rendered":"http:\/\/coronelxavierchaves.mg.gov.br\/prefeitura\/?page_id=12577"},"modified":"2025-12-12T15:23:15","modified_gmt":"2025-12-12T18:23:15","slug":"controle-interno","status":"publish","type":"page","link":"https:\/\/coronelxavierchaves.mg.gov.br\/prefeitura\/controle-interno\/","title":{"rendered":"CONTROLE INTERNO"},"content":{"rendered":"<blockquote><p>CONTROLE INTERNO<\/p><\/blockquote>\n<p><strong>CONTROLADOR INTERNO:<\/strong> TOBIAS EDUARDO CHAVES RESENDE SANTOS<\/p>\n<p>Endere\u00e7o: Rua Padre Reis, n\u00ba 84.<\/p>\n<p>Telefone de Contato: (32) 3216-1053 Ramal 120<\/p>\n<p>E-mail: controleinterno@coronelxavierchaves.mg.gov.br<\/p>\n<div class=\"otw-sc-toggle\"><h3 class=\"toggle-trigger widget-title\">AUDI\u00caNCIAS P\u00daBLICAS<span class=\"icon\"><\/span><\/h3><div class=\"toggle-content\"><p><br \/>\n<ul><br \/>\n<li>2025<\/li><br \/>\n<\/ul><br \/>\n<p><a href=\"https:\/\/coronelxavierchaves.mg.gov.br\/prefeitura\/wp-content\/uploads\/2025\/09\/Audiencia-Publica-2o-Quadrimestre-2025.pdf\" target=\"_blank\" rel=\"noopener\">Audi\u00eancia P\u00fablica &#8211; 2\u00ba Quadrimestre 2025<\/a><\/p><br \/>\n<p><a href=\"https:\/\/coronelxavierchaves.mg.gov.br\/prefeitura\/wp-content\/uploads\/2025\/09\/Audiencia-Publica-Elaboracao-PPA-2026-2029-e-LOA-2026.pdf\" target=\"_blank\" rel=\"noopener\">Audi\u00eancia P\u00fablica &#8211; Elabora\u00e7\u00e3o PPA 2026-2029 e LOA 2026<\/a><\/p><br \/>\n<p><a href=\"https:\/\/coronelxavierchaves.mg.gov.br\/prefeitura\/wp-content\/uploads\/2025\/05\/Audiencia-Publica-1o-Quadrimestre-2025.pdf\">Audi\u00eancia P\u00fablica &#8211; 1\u00ba Quadrimestre 2025<\/a><\/p><br \/>\n<p><a href=\"https:\/\/coronelxavierchaves.mg.gov.br\/prefeitura\/wp-content\/uploads\/2025\/05\/Audiencia-Publica-Elaboracao-LDO-2026.pdf\">Audi\u00eancia P\u00fablica &#8211; Elabora\u00e7\u00e3o LDO 2026<\/a><\/p><br \/>\n<\/p><\/div><\/div>\n<div class=\"otw-sc-toggle\"><h3 class=\"toggle-trigger widget-title\">CONTAS DE GOVERNO DO EXECUTIVO<span class=\"icon\"><\/span><\/h3><div class=\"toggle-content\"><p><br \/>\n<p style=\"text-align: justify;\">As contas de governo do executivo municipal s\u00e3o um conjunto de demonstrativos e documentos que mostram como ele administrou os recursos p\u00fablicos \u2014 receitas, despesas, cumprimento de metas fiscais, investimentos em sa\u00fade e educa\u00e7\u00e3o, entre outros. Elas s\u00e3o enviadas at\u00e9 o dia 31 de mar\u00e7o do ano anterior ao Tribunal de Contas do Estado (TCEMG),\u00a0 que recebe as contas e faz uma an\u00e1lise t\u00e9cnica e jur\u00eddica, verificando se o or\u00e7amento foi cumprido corretamente, se houve respeito aos limites constitucionais (educa\u00e7\u00e3o, sa\u00fade, despesa com pessoal etc.), se houve irregularidades ou desvios de recursos, ou se a transpar\u00eancia foi respeitada. Ao final, o TCE emite um parecer pr\u00e9vio recomendando a aprova\u00e7\u00e3o ou rejei\u00e7\u00e3o das contas. O parecer n\u00e3o \u00e9 vinculativo, ou seja, a decis\u00e3o final cabe \u00e0 C\u00e2mara de Vereadores, que faz o julgamento pol\u00edtico das contas.<\/p><br \/>\n<p>&nbsp;<\/p><br \/>\n<p><a href=\"https:\/\/camaracxc.mg.gov.br\/site\/julgamento-das-contas-de-governo\/\" target=\"_blank\" rel=\"noopener\">CLIQUE AQUI PARA ACESSAR OS DECRETOS LEGISLATIVOS DE JULGAMENTO DAS CONTAS<\/a><\/p><br \/>\n<ul><br \/>\n<li>2024<\/li><br \/>\n<\/ul><br \/>\n<p><a href=\"https:\/\/coronelxavierchaves.mg.gov.br\/prefeitura\/wp-content\/uploads\/2025\/08\/Parecer-Previo-do-TCEMG-2024.pdf\" target=\"_blank\" rel=\"noopener\">Parecer Pr\u00e9vio do TCEMG &#8211; 2024<\/a><\/p><br \/>\n<p><a href=\"https:\/\/coronelxavierchaves.mg.gov.br\/prefeitura\/wp-content\/uploads\/2025\/12\/Ata-de-Aprovacao-das-Contas-2024.pdf\" target=\"_blank\" rel=\"noopener\">Ata de Aprova\u00e7\u00e3o das contas &#8211; 2024<\/a><\/p><br \/>\n<ul><br \/>\n<li>2023<\/li><br \/>\n<\/ul><br \/>\n<p><a href=\"https:\/\/coronelxavierchaves.mg.gov.br\/prefeitura\/wp-content\/uploads\/2025\/05\/Parecer-Previo-do-TCEMG-2023.pdf\">Parecer Pr\u00e9vio do TCEMG &#8211; 2023<\/a><\/p><br \/>\n<p><a href=\"https:\/\/coronelxavierchaves.mg.gov.br\/prefeitura\/wp-content\/uploads\/2025\/05\/Ata-de-Aprovacao-das-contas-2023.pdf\">Ata de Aprova\u00e7\u00e3o das contas &#8211; 2023<\/a><\/p><br \/>\n<ul><br \/>\n<li>2022<\/li><br \/>\n<\/ul><br \/>\n<p><a href=\"https:\/\/coronelxavierchaves.mg.gov.br\/prefeitura\/wp-content\/uploads\/2025\/05\/Parecer-Previo-do-TCEMG-2022.pdf\">Parecer Pr\u00e9vio do TCEMG &#8211; 2022<\/a><\/p><br \/>\n<p><a href=\"https:\/\/coronelxavierchaves.mg.gov.br\/prefeitura\/wp-content\/uploads\/2025\/05\/Ata-de-Aprovacao-das-contas-2022.pdf\">Ata de Aprova\u00e7\u00e3o das contas &#8211; 2022<\/a><\/p><br \/>\n<ul><br \/>\n<li>2021<\/li><br \/>\n<\/ul><br \/>\n<p><a href=\"https:\/\/coronelxavierchaves.mg.gov.br\/prefeitura\/wp-content\/uploads\/2025\/05\/Parecer-Previo-do-TCEMG-2021.pdf\">Parecer Pr\u00e9vio do TCEMG &#8211; 2021<\/a><\/p><br \/>\n<p><a href=\"https:\/\/coronelxavierchaves.mg.gov.br\/prefeitura\/wp-content\/uploads\/2025\/05\/Ata-de-Aprovacao-das-contas-2021.pdf\">Ata de Aprova\u00e7\u00e3o das contas &#8211; 2021<\/a><\/p><br \/>\n<ul><br \/>\n<li>2020<\/li><br \/>\n<\/ul><br \/>\n<p><a href=\"https:\/\/coronelxavierchaves.mg.gov.br\/prefeitura\/wp-content\/uploads\/2025\/05\/Parecer-Previo-do-TCEMG-2020.pdf\">Parecer Pr\u00e9vio do TCEMG &#8211; 2020<\/a><\/p><br \/>\n<p><a href=\"https:\/\/coronelxavierchaves.mg.gov.br\/prefeitura\/wp-content\/uploads\/2025\/05\/Ata-de-Aprovacao-das-contas-2020.pdf\">Ata de Aprova\u00e7\u00e3o das contas &#8211; 2020<\/a><\/p><br \/>\n<ul><br \/>\n<li>2019<\/li><br \/>\n<\/ul><br \/>\n<p><a href=\"https:\/\/coronelxavierchaves.mg.gov.br\/prefeitura\/wp-content\/uploads\/2025\/05\/Parecer-Previo-do-TCEMG-2019.pdf\">Parecer Pr\u00e9vio do TCEMG &#8211; 2019<\/a><\/p><br \/>\n<p><a href=\"https:\/\/coronelxavierchaves.mg.gov.br\/prefeitura\/wp-content\/uploads\/2025\/05\/Ata-de-Aprovacao-das-contas-2019.pdf\">Ata de Aprova\u00e7\u00e3o das contas &#8211; 2019<\/a><\/p><br \/>\n<ul><br \/>\n<li>2018<\/li><br \/>\n<\/ul><br \/>\n<p><a href=\"https:\/\/coronelxavierchaves.mg.gov.br\/prefeitura\/wp-content\/uploads\/2025\/05\/Parecer-Previo-do-TCEMG-2018.pdf\">Parecer Pr\u00e9vio do TCEMG &#8211; 2018<\/a><\/p><br \/>\n<p><a href=\"https:\/\/coronelxavierchaves.mg.gov.br\/prefeitura\/wp-content\/uploads\/2025\/05\/Ata-de-Aprovacao-das-contas-2018.pdf\">Ata de Aprova\u00e7\u00e3o das contas &#8211; 2018<\/a><\/p><br \/>\n<\/p><\/div><\/div>\n<div class=\"otw-sc-toggle\"><h3 class=\"toggle-trigger widget-title\">INSTRU\u00c7\u00d5ES NORMATIVAS<span class=\"icon\"><\/span><\/h3><div class=\"toggle-content\"><p><br \/>\n<ul><br \/>\n<li><a href=\"https:\/\/coronelxavierchaves.mg.gov.br\/prefeitura\/wp-content\/uploads\/2023\/10\/Instrucao-Normativa-C.I.-01-2014-Controle-de-Frotas.pdf\" target=\"_blank\" rel=\"noopener\">Instru\u00e7\u00e3o Normativa C.I. 01-2014 (Controle de Frotas)<\/a><\/li><br \/>\n<li><a href=\"https:\/\/coronelxavierchaves.mg.gov.br\/prefeitura\/wp-content\/uploads\/2023\/10\/Instrucao-Normativa-C.I.-02-2020-Gestao-Patrimonial.pdf\" target=\"_blank\" rel=\"noopener\">Instru\u00e7\u00e3o Normativa C.I. 02-2020 (Gest\u00e3o Patrimonial)<\/a><\/li><br \/>\n<li><a href=\"https:\/\/coronelxavierchaves.mg.gov.br\/prefeitura\/wp-content\/uploads\/2023\/10\/Instrucao-Normativa-C.I.-03-2022-Extravio-e-Furto-de-Bens.pdf\" target=\"_blank\" rel=\"noopener\">Instru\u00e7\u00e3o Normativa C.I. 03-2022 (Extravio e Furto de Bens)<\/a><\/li><br \/>\n<li><a href=\"https:\/\/coronelxavierchaves.mg.gov.br\/prefeitura\/wp-content\/uploads\/2023\/10\/Instrucao-Normativa-C.I.-04-2023-Gestao-de-Almoxarifado.pdf\" target=\"_blank\" rel=\"noopener\">Instru\u00e7\u00e3o Normativa C.I. 04-2023 (Gest\u00e3o de Almoxarifado)<\/a><\/li><br \/>\n<li><a href=\"https:\/\/coronelxavierchaves.mg.gov.br\/prefeitura\/wp-content\/uploads\/2024\/03\/Instrucao-Normativa-C.I.-05-2023-Operacoes-de-Creditos-Avais-e-Garantias.pdf\" target=\"_blank\" rel=\"noopener\">Instru\u00e7\u00e3o Normativa C.I. 05-2023 (Opera\u00e7\u00f5es de Cr\u00e9ditos, Avais e Garantias)<\/a><\/li><br \/>\n<li><a href=\"https:\/\/coronelxavierchaves.mg.gov.br\/prefeitura\/wp-content\/uploads\/2024\/03\/Instrucao-Normativa-C.I.-06-2024-Gestao-de-Frotas.pdf\" target=\"_blank\" rel=\"noopener\">Instru\u00e7\u00e3o Normativa C.I. 06-2024 (Gest\u00e3o de Frotas)<\/a><\/li><br \/>\n<li><a href=\"https:\/\/coronelxavierchaves.mg.gov.br\/prefeitura\/wp-content\/uploads\/2025\/10\/Instrucao-Normativa-C.I.-07-2024-Cadastramento-de-Usuarios.pdf\" target=\"_blank\" rel=\"noopener\">Instru\u00e7\u00e3o Normativa C.I. 07-2024 (Cadastramento de Usu\u00e1rios)<\/a><\/li><br \/>\n<\/ul><br \/>\n<\/p><\/div><\/div>\n<div class=\"otw-sc-toggle\"><h3 class=\"toggle-trigger widget-title\">PLANO ANUAL DE TRABALHO<span class=\"icon\"><\/span><\/h3><div class=\"toggle-content\"><p><br \/>\n<ul><br \/>\n<li><a href=\"http:\/\/coronelxavierchaves.mg.gov.br\/prefeitura\/wp-content\/uploads\/2021\/12\/Plano-Anual-de-Trabalho-2022.pdf\" target=\"_blank\" rel=\"noopener\">Plano Anual de Trabalho 2022<\/a><\/li><br \/>\n<li><a href=\"http:\/\/coronelxavierchaves.mg.gov.br\/prefeitura\/wp-content\/uploads\/2023\/01\/Plano-Anual-de-Trabalho-2023.pdf\" target=\"_blank\" rel=\"noopener\">Plano Anual de Trabalho 2023<\/a><\/li><br \/>\n<li><a href=\"https:\/\/coronelxavierchaves.mg.gov.br\/prefeitura\/wp-content\/uploads\/2024\/03\/Plano-Anual-de-Trabalho-2024.pdf\" target=\"_blank\" rel=\"noopener\">Plano Anual de Trabalho 2024<\/a><\/li><br \/>\n<li><a href=\"https:\/\/coronelxavierchaves.mg.gov.br\/prefeitura\/wp-content\/uploads\/2025\/12\/Plano-Anual-de-Trabalho-2025.pdf\" target=\"_blank\" rel=\"noopener\">Plano Anual de Trabalho 2025<\/a><\/li><br \/>\n<li><a href=\"https:\/\/coronelxavierchaves.mg.gov.br\/prefeitura\/wp-content\/uploads\/2025\/12\/Plano-Anual-de-Trabalho-2026.pdf\" target=\"_blank\" rel=\"noopener\">Plano Anual de Trabalho 2026<\/a><\/li><br \/>\n<\/ul><br \/>\n<\/p><\/div><\/div>\n<div class=\"otw-sc-toggle\"><h3 class=\"toggle-trigger widget-title\">PLANO ANUAL DE AUDITORIA<span class=\"icon\"><\/span><\/h3><div class=\"toggle-content\"><p><br \/>\n<ul><br \/>\n<li><a href=\"https:\/\/coronelxavierchaves.mg.gov.br\/prefeitura\/wp-content\/uploads\/2025\/11\/Plano-Anual-de-Auditoria-2026.pdf\" target=\"_blank\" rel=\"noopener\">Plano Anual de Auditoria 2026<\/a><\/li><br \/>\n<\/ul><br \/>\n<\/p><\/div><\/div>\n<div class=\"otw-sc-toggle\"><h3 class=\"toggle-trigger widget-title\">TABELA VIGENTE DE DI\u00c1RIAS<span class=\"icon\"><\/span><\/h3><div class=\"toggle-content\"><p><br \/>\n<p style=\"text-align: justify;\">Conforme disposto pela Lei Municipal n\u00b0 1.262, de 04 de novembro de 2019, o Munic\u00edpio \u00e9 autorizado a custear despesas de viagens e de deslocamento para os servidores e agentes pol\u00edticos do Poder Executivo Municipal que, de forma legal e leg\u00edtima, representem o Munic\u00edpio em semin\u00e1rios, confer\u00eancias, audi\u00eancias p\u00fablicas, treinamentos e capacita\u00e7\u00f5es, dentre outros eventos, durante deslocamentos para cumprimento de suas atribui\u00e7\u00f5es. Os valores vigentes das di\u00e1rias s\u00e3o determinados pelo Decreto Municipal n\u00b0 4.435, de 09 de outubro de 2023, conforme documento abaixo:<\/p><br \/>\n<p>&nbsp;<\/p><br \/>\n<p><a href=\"https:\/\/coronelxavierchaves.mg.gov.br\/prefeitura\/wp-content\/uploads\/2025\/05\/Tabela-de-Diarias-Prefeitura-Municipal.pdf\">Tabela de Di\u00e1rias &#8211; Prefeitura Municipal<\/a><\/p><br \/>\n<p><a href=\"https:\/\/coronelxavierchaves.mg.gov.br\/prefeitura\/wp-content\/uploads\/2025\/07\/Tabela-de-Diarias-Prefeitura-Municipal-Decreto-3.374-2022-Valores-antigos-nao-mais-praticados.pdf\" target=\"_blank\" rel=\"noopener\">Tabela de Di\u00e1rias &#8211; Prefeitura Municipal &#8211; Decreto 3.374-2022 (Valores antigos n\u00e3o mais praticados)<\/a><\/p><br \/>\n<\/p><\/div><\/div>\n","protected":false},"excerpt":{"rendered":"<p>CONTROLE INTERNO CONTROLADOR INTERNO: TOBIAS EDUARDO CHAVES RESENDE SANTOS Endere\u00e7o: Rua Padre Reis, n\u00ba 84. Telefone de Contato: (32) 3216-1053 Ramal 120 E-mail: controleinterno@coronelxavierchaves.mg.gov.br<\/p>\n","protected":false},"author":3,"featured_media":0,"parent":0,"menu_order":0,"comment_status":"closed","ping_status":"closed","template":"","meta":{"footnotes":"","_links_to":"","_links_to_target":""},"class_list":["post-12577","page","type-page","status-publish"],"_links":{"self":[{"href":"https:\/\/coronelxavierchaves.mg.gov.br\/prefeitura\/wp-json\/wp\/v2\/pages\/12577","targetHints":{"allow":["GET"]}}],"collection":[{"href":"https:\/\/coronelxavierchaves.mg.gov.br\/prefeitura\/wp-json\/wp\/v2\/pages"}],"about":[{"href":"https:\/\/coronelxavierchaves.mg.gov.br\/prefeitura\/wp-json\/wp\/v2\/types\/page"}],"author":[{"embeddable":true,"href":"https:\/\/coronelxavierchaves.mg.gov.br\/prefeitura\/wp-json\/wp\/v2\/users\/3"}],"replies":[{"embeddable":true,"href":"https:\/\/coronelxavierchaves.mg.gov.br\/prefeitura\/wp-json\/wp\/v2\/comments?post=12577"}],"version-history":[{"count":30,"href":"https:\/\/coronelxavierchaves.mg.gov.br\/prefeitura\/wp-json\/wp\/v2\/pages\/12577\/revisions"}],"predecessor-version":[{"id":25890,"href":"https:\/\/coronelxavierchaves.mg.gov.br\/prefeitura\/wp-json\/wp\/v2\/pages\/12577\/revisions\/25890"}],"wp:attachment":[{"href":"https:\/\/coronelxavierchaves.mg.gov.br\/prefeitura\/wp-json\/wp\/v2\/media?parent=12577"}],"curies":[{"name":"wp","href":"https:\/\/api.w.org\/{rel}","templated":true}]}}