{"id":16209,"date":"2023-01-27T08:52:41","date_gmt":"2023-01-27T11:52:41","guid":{"rendered":"http:\/\/coronelxavierchaves.mg.gov.br\/prefeitura\/?page_id=16209"},"modified":"2025-02-21T08:19:02","modified_gmt":"2025-02-21T11:19:02","slug":"decretos-fundeb","status":"publish","type":"page","link":"https:\/\/coronelxavierchaves.mg.gov.br\/prefeitura\/decretos-fundeb\/","title":{"rendered":"Decretos, Leis e Of\u00edcios &#8211; FUNDEB"},"content":{"rendered":"<div class=\"otw-sc-toggle\"><h3 class=\"toggle-trigger widget-title opened\">DECRETOS - 2023<span class=\"icon\"><\/span><\/h3><div class=\"toggle-content\"><p><br \/>\n<ul><br \/>\n<li><a href=\"http:\/\/coronelxavierchaves.mg.gov.br\/prefeitura\/wp-content\/uploads\/2023\/01\/DECRETO-DE-NOMEACAO-No-4.125.pdf\">DECRETO DE NOMEA\u00c7\u00c3O N\u00ba 4.125<\/a><\/li><br \/>\n<li><a href=\"https:\/\/coronelxavierchaves.mg.gov.br\/prefeitura\/wp-content\/uploads\/2023\/09\/DECRETO-NOMEACAO-NOVO-MEMBRO-N-4269.pdf\">DECRETO DE NOMEA\u00c7\u00c3O N\u00ba 4.269<\/a><\/li><br \/>\n<li><a href=\"https:\/\/coronelxavierchaves.mg.gov.br\/prefeitura\/wp-content\/uploads\/2023\/08\/DECRETO-NOMEACAO-DE-NOVO-MEMBRO-4270.pdf\">DECRETO DE NOMEA\u00c7\u00c3O N\u00ba 4.270<\/a><\/li><br \/>\n<li><a href=\"https:\/\/coronelxavierchaves.mg.gov.br\/prefeitura\/wp-content\/uploads\/2023\/08\/DECRETO-EXONERACAO-FERNANDA-HELLEN-4356.pdf\">DECRETO DE EXONERA\u00c7\u00c3O N\u00ba 4.356<\/a><\/li><br \/>\n<li><a href=\"https:\/\/coronelxavierchaves.mg.gov.br\/prefeitura\/wp-content\/uploads\/2023\/09\/DECRETO-EXONERACAO-MEMBRO-N-4360.pdf\">DECRETO DE EXONERA\u00c7\u00c3O N\u00ba 4.360<\/a><\/li><br \/>\n<li><a href=\"https:\/\/coronelxavierchaves.mg.gov.br\/prefeitura\/wp-content\/uploads\/2023\/08\/DECRETO-NOMEACAO-N-4366.pdf\">DECRETO NOMEA\u00c7\u00c3O N\u00ba 4.366<\/a><\/li><br \/>\n<\/ul><br \/>\n<\/p><\/div><\/div>\n<div class=\"otw-sc-toggle\"><h3 class=\"toggle-trigger widget-title opened\">DECRETOS - 2024<span class=\"icon\"><\/span><\/h3><div class=\"toggle-content\"><p><br \/>\n<ul><br \/>\n<li><a href=\"https:\/\/coronelxavierchaves.mg.gov.br\/prefeitura\/wp-content\/uploads\/2024\/04\/DECRETO-No-4620-EXONERACAO-DE-MEMBROS-2024.pdf\">DECRETO DE EXONERA\u00c7\u00c3O N\u00ba 4.620<\/a><\/li><br \/>\n<li><a href=\"https:\/\/coronelxavierchaves.mg.gov.br\/prefeitura\/wp-content\/uploads\/2024\/04\/DECRETO-No-4.625-ALTERA-MEMBROS.pdf\">DECRETO N\u00ba 4.625<\/a><\/li><br \/>\n<li><a href=\"https:\/\/coronelxavierchaves.mg.gov.br\/prefeitura\/wp-content\/uploads\/2024\/07\/DECRETO-No-4716-3-DE-JULHO-EXONERA-MEMBROS.pdf\">DECRETO DE EXONERA\u00c7\u00c3O N\u00ba 4.716<\/a><\/li><br \/>\n<li><a href=\"https:\/\/coronelxavierchaves.mg.gov.br\/prefeitura\/wp-content\/uploads\/2024\/07\/Decreto-no-4.719-DE-8-DE-JULHO-NOMEIA-MEMBROS.pdf\">DECRETO DE NOMEA\u00c7\u00c3O N\u00ba 4.719<\/a><\/li><br \/>\n<\/ul><br \/>\n<\/p><\/div><\/div>\n<div class=\"otw-sc-toggle\"><h3 class=\"toggle-trigger widget-title opened\">LEIS<span class=\"icon\"><\/span><\/h3><div class=\"toggle-content\"><p><br \/>\n<ul><br \/>\n<li><a href=\"http:\/\/coronelxavierchaves.mg.gov.br\/prefeitura\/wp-content\/uploads\/2023\/02\/Lei-1.317-DE-17-DE-MARCO-DE-2021-NOVO-FUNDEB.pdf\">Lei 1.317 DE 17 DE MAR\u00c7O DE 2021<\/a><\/li><br \/>\n<\/ul><br \/>\n<\/p><\/div><\/div>\n<div class=\"otw-sc-toggle\"><h3 class=\"toggle-trigger widget-title opened\">OF\u00cdCIOS<span class=\"icon\"><\/span><\/h3><div class=\"toggle-content\"><p><br \/>\n<ul><br \/>\n<li><a href=\"https:\/\/coronelxavierchaves.mg.gov.br\/prefeitura\/wp-content\/uploads\/2024\/04\/OFICIO-INDICACAO-CONSELHO-TUTELAR.pdf\">OF\u00cdCIO INDICA\u00c7\u00c3O &#8211; CONSELHO TUTELAR<\/a><\/li><br \/>\n<li><a href=\"https:\/\/coronelxavierchaves.mg.gov.br\/prefeitura\/wp-content\/uploads\/2024\/04\/OFICIO-INDICACAO-EXECUTIVO-MUNICIPAL.pdf\">OF\u00cdCIO INDICA\u00c7\u00c3O &#8211; EXECUTIVO MUNICIPAL<\/a><\/li><br \/>\n<\/ul><br \/>\n<\/p><\/div><\/div>\n","protected":false},"excerpt":{"rendered":"","protected":false},"author":3,"featured_media":0,"parent":0,"menu_order":0,"comment_status":"closed","ping_status":"closed","template":"","meta":{"footnotes":"","_links_to":"","_links_to_target":""},"class_list":["post-16209","page","type-page","status-publish"],"_links":{"self":[{"href":"https:\/\/coronelxavierchaves.mg.gov.br\/prefeitura\/wp-json\/wp\/v2\/pages\/16209","targetHints":{"allow":["GET"]}}],"collection":[{"href":"https:\/\/coronelxavierchaves.mg.gov.br\/prefeitura\/wp-json\/wp\/v2\/pages"}],"about":[{"href":"https:\/\/coronelxavierchaves.mg.gov.br\/prefeitura\/wp-json\/wp\/v2\/types\/page"}],"author":[{"embeddable":true,"href":"https:\/\/coronelxavierchaves.mg.gov.br\/prefeitura\/wp-json\/wp\/v2\/users\/3"}],"replies":[{"embeddable":true,"href":"https:\/\/coronelxavierchaves.mg.gov.br\/prefeitura\/wp-json\/wp\/v2\/comments?post=16209"}],"version-history":[{"count":18,"href":"https:\/\/coronelxavierchaves.mg.gov.br\/prefeitura\/wp-json\/wp\/v2\/pages\/16209\/revisions"}],"predecessor-version":[{"id":22806,"href":"https:\/\/coronelxavierchaves.mg.gov.br\/prefeitura\/wp-json\/wp\/v2\/pages\/16209\/revisions\/22806"}],"wp:attachment":[{"href":"https:\/\/coronelxavierchaves.mg.gov.br\/prefeitura\/wp-json\/wp\/v2\/media?parent=16209"}],"curies":[{"name":"wp","href":"https:\/\/api.w.org\/{rel}","templated":true}]}}