{"id":24021,"date":"2025-06-06T15:19:39","date_gmt":"2025-06-06T18:19:39","guid":{"rendered":"https:\/\/coronelxavierchaves.mg.gov.br\/prefeitura\/?page_id=24021"},"modified":"2026-01-20T14:58:38","modified_gmt":"2026-01-20T17:58:38","slug":"emendas-parlamentares","status":"publish","type":"page","link":"https:\/\/coronelxavierchaves.mg.gov.br\/prefeitura\/emendas-parlamentares\/","title":{"rendered":"EMENDAS PARLAMENTARES"},"content":{"rendered":"<h5 class=\"card-title\" style=\"text-align: justify;\"><span style=\"font-family: verdana, geneva, sans-serif; font-size: 12pt;\">Espa\u00e7o para informar as emendas parlamentares recebidas, contendo informa\u00e7\u00f5es sobre a origem, o tipo de emenda, o n\u00famero da emenda, a autoria, o valor recebido e realizado, o objeto e os fornecedores envolvidos.<\/span><\/h5>\n<ul>\n<li><a href=\"https:\/\/coronelxavierchaves.mg.gov.br\/prefeitura\/emendas-parlamentares-estaduais\/\" target=\"_blank\" rel=\"noopener\">Emendas Parlamentares Estaduais<\/a><\/li>\n<li><a href=\"https:\/\/coronelxavierchaves.mg.gov.br\/prefeitura\/emendas-parlamentares-federais\/\" target=\"_blank\" rel=\"noopener\">Emendas Parlamentares Federais<\/a><\/li>\n<\/ul>\n","protected":false},"excerpt":{"rendered":"<p>Espa\u00e7o para informar as emendas parlamentares recebidas, contendo informa\u00e7\u00f5es sobre a origem, o tipo de emenda, o n\u00famero da emenda, a autoria, o valor recebido e realizado, o objeto e os fornecedores envolvidos. Emendas Parlamentares Estaduais Emendas Parlamentares Federais<\/p>\n","protected":false},"author":10,"featured_media":0,"parent":0,"menu_order":0,"comment_status":"closed","ping_status":"closed","template":"","meta":{"footnotes":"","_links_to":"","_links_to_target":""},"class_list":["post-24021","page","type-page","status-publish"],"_links":{"self":[{"href":"https:\/\/coronelxavierchaves.mg.gov.br\/prefeitura\/wp-json\/wp\/v2\/pages\/24021","targetHints":{"allow":["GET"]}}],"collection":[{"href":"https:\/\/coronelxavierchaves.mg.gov.br\/prefeitura\/wp-json\/wp\/v2\/pages"}],"about":[{"href":"https:\/\/coronelxavierchaves.mg.gov.br\/prefeitura\/wp-json\/wp\/v2\/types\/page"}],"author":[{"embeddable":true,"href":"https:\/\/coronelxavierchaves.mg.gov.br\/prefeitura\/wp-json\/wp\/v2\/users\/10"}],"replies":[{"embeddable":true,"href":"https:\/\/coronelxavierchaves.mg.gov.br\/prefeitura\/wp-json\/wp\/v2\/comments?post=24021"}],"version-history":[{"count":5,"href":"https:\/\/coronelxavierchaves.mg.gov.br\/prefeitura\/wp-json\/wp\/v2\/pages\/24021\/revisions"}],"predecessor-version":[{"id":26342,"href":"https:\/\/coronelxavierchaves.mg.gov.br\/prefeitura\/wp-json\/wp\/v2\/pages\/24021\/revisions\/26342"}],"wp:attachment":[{"href":"https:\/\/coronelxavierchaves.mg.gov.br\/prefeitura\/wp-json\/wp\/v2\/media?parent=24021"}],"curies":[{"name":"wp","href":"https:\/\/api.w.org\/{rel}","templated":true}]}}