{"id":24810,"date":"2025-08-20T15:53:33","date_gmt":"2025-08-20T18:53:33","guid":{"rendered":"https:\/\/coronelxavierchaves.mg.gov.br\/prefeitura\/?page_id=24810"},"modified":"2025-08-20T15:58:48","modified_gmt":"2025-08-20T18:58:48","slug":"vii-moscoxaves-2025","status":"publish","type":"page","link":"https:\/\/coronelxavierchaves.mg.gov.br\/prefeitura\/vii-moscoxaves-2025\/","title":{"rendered":"VII MOSCOXAVES &#8211; 2025"},"content":{"rendered":"<p style=\"text-align: left;\"><span style=\"font-size: 18pt;\"><strong>Inscri\u00e7\u00f5es para as atividades do VII MOSCOXAVES<\/strong><\/span><\/p>\n<ul>\n<li><a href=\"https:\/\/www.sympla.com.br\/evento\/caminhada-ecolOgica---vii-moscoxaves\/3073580\" target=\"_blank\" rel=\"noopener\"><strong>CAMINHADA ECOL\u00d3GICA<\/strong><\/a><\/li>\n<li><strong>EXPOSI\u00c7\u00c3O DE CARROS ANTIGOS (Em breve)<\/strong><\/li>\n<li><a href=\"https:\/\/www.sympla.com.br\/evento\/pedal---vii-moscoxaves\/3083534\" target=\"_blank\" rel=\"noopener\"><strong>PEDAL<\/strong><\/a><\/li>\n<\/ul>\n<hr \/>\n<p><img loading=\"lazy\" decoding=\"async\" class=\"size-full wp-image-24811 aligncenter\" src=\"https:\/\/coronelxavierchaves.mg.gov.br\/prefeitura\/wp-content\/uploads\/2025\/08\/VII-MOSCOXAVES-01.jpeg\" alt=\"\" width=\"1080\" height=\"1350\" srcset=\"https:\/\/coronelxavierchaves.mg.gov.br\/prefeitura\/wp-content\/uploads\/2025\/08\/VII-MOSCOXAVES-01.jpeg 1080w, https:\/\/coronelxavierchaves.mg.gov.br\/prefeitura\/wp-content\/uploads\/2025\/08\/VII-MOSCOXAVES-01-240x300.jpeg 240w, https:\/\/coronelxavierchaves.mg.gov.br\/prefeitura\/wp-content\/uploads\/2025\/08\/VII-MOSCOXAVES-01-819x1024.jpeg 819w, https:\/\/coronelxavierchaves.mg.gov.br\/prefeitura\/wp-content\/uploads\/2025\/08\/VII-MOSCOXAVES-01-768x960.jpeg 768w, https:\/\/coronelxavierchaves.mg.gov.br\/prefeitura\/wp-content\/uploads\/2025\/08\/VII-MOSCOXAVES-01-336x420.jpeg 336w, https:\/\/coronelxavierchaves.mg.gov.br\/prefeitura\/wp-content\/uploads\/2025\/08\/VII-MOSCOXAVES-01-696x870.jpeg 696w, https:\/\/coronelxavierchaves.mg.gov.br\/prefeitura\/wp-content\/uploads\/2025\/08\/VII-MOSCOXAVES-01-1068x1335.jpeg 1068w\" sizes=\"auto, (max-width: 1080px) 100vw, 1080px\" \/> <img loading=\"lazy\" decoding=\"async\" class=\"size-full wp-image-24812 aligncenter\" src=\"https:\/\/coronelxavierchaves.mg.gov.br\/prefeitura\/wp-content\/uploads\/2025\/08\/VII-MOSCOXAVES-02.jpeg\" alt=\"\" width=\"1080\" height=\"1350\" srcset=\"https:\/\/coronelxavierchaves.mg.gov.br\/prefeitura\/wp-content\/uploads\/2025\/08\/VII-MOSCOXAVES-02.jpeg 1080w, https:\/\/coronelxavierchaves.mg.gov.br\/prefeitura\/wp-content\/uploads\/2025\/08\/VII-MOSCOXAVES-02-240x300.jpeg 240w, https:\/\/coronelxavierchaves.mg.gov.br\/prefeitura\/wp-content\/uploads\/2025\/08\/VII-MOSCOXAVES-02-819x1024.jpeg 819w, https:\/\/coronelxavierchaves.mg.gov.br\/prefeitura\/wp-content\/uploads\/2025\/08\/VII-MOSCOXAVES-02-768x960.jpeg 768w, https:\/\/coronelxavierchaves.mg.gov.br\/prefeitura\/wp-content\/uploads\/2025\/08\/VII-MOSCOXAVES-02-336x420.jpeg 336w, https:\/\/coronelxavierchaves.mg.gov.br\/prefeitura\/wp-content\/uploads\/2025\/08\/VII-MOSCOXAVES-02-696x870.jpeg 696w, https:\/\/coronelxavierchaves.mg.gov.br\/prefeitura\/wp-content\/uploads\/2025\/08\/VII-MOSCOXAVES-02-1068x1335.jpeg 1068w\" sizes=\"auto, (max-width: 1080px) 100vw, 1080px\" \/> <img loading=\"lazy\" decoding=\"async\" class=\"size-full wp-image-24813 aligncenter\" src=\"https:\/\/coronelxavierchaves.mg.gov.br\/prefeitura\/wp-content\/uploads\/2025\/08\/VII-MOSCOXAVES-03.jpeg\" alt=\"\" width=\"1080\" height=\"1350\" srcset=\"https:\/\/coronelxavierchaves.mg.gov.br\/prefeitura\/wp-content\/uploads\/2025\/08\/VII-MOSCOXAVES-03.jpeg 1080w, https:\/\/coronelxavierchaves.mg.gov.br\/prefeitura\/wp-content\/uploads\/2025\/08\/VII-MOSCOXAVES-03-240x300.jpeg 240w, https:\/\/coronelxavierchaves.mg.gov.br\/prefeitura\/wp-content\/uploads\/2025\/08\/VII-MOSCOXAVES-03-819x1024.jpeg 819w, https:\/\/coronelxavierchaves.mg.gov.br\/prefeitura\/wp-content\/uploads\/2025\/08\/VII-MOSCOXAVES-03-768x960.jpeg 768w, https:\/\/coronelxavierchaves.mg.gov.br\/prefeitura\/wp-content\/uploads\/2025\/08\/VII-MOSCOXAVES-03-336x420.jpeg 336w, https:\/\/coronelxavierchaves.mg.gov.br\/prefeitura\/wp-content\/uploads\/2025\/08\/VII-MOSCOXAVES-03-696x870.jpeg 696w, https:\/\/coronelxavierchaves.mg.gov.br\/prefeitura\/wp-content\/uploads\/2025\/08\/VII-MOSCOXAVES-03-1068x1335.jpeg 1068w\" sizes=\"auto, (max-width: 1080px) 100vw, 1080px\" \/> <img loading=\"lazy\" decoding=\"async\" class=\"size-full wp-image-24814 aligncenter\" src=\"https:\/\/coronelxavierchaves.mg.gov.br\/prefeitura\/wp-content\/uploads\/2025\/08\/VII-MOSCOXAVES-04.jpeg\" alt=\"\" width=\"1080\" height=\"1350\" srcset=\"https:\/\/coronelxavierchaves.mg.gov.br\/prefeitura\/wp-content\/uploads\/2025\/08\/VII-MOSCOXAVES-04.jpeg 1080w, https:\/\/coronelxavierchaves.mg.gov.br\/prefeitura\/wp-content\/uploads\/2025\/08\/VII-MOSCOXAVES-04-240x300.jpeg 240w, https:\/\/coronelxavierchaves.mg.gov.br\/prefeitura\/wp-content\/uploads\/2025\/08\/VII-MOSCOXAVES-04-819x1024.jpeg 819w, https:\/\/coronelxavierchaves.mg.gov.br\/prefeitura\/wp-content\/uploads\/2025\/08\/VII-MOSCOXAVES-04-768x960.jpeg 768w, https:\/\/coronelxavierchaves.mg.gov.br\/prefeitura\/wp-content\/uploads\/2025\/08\/VII-MOSCOXAVES-04-336x420.jpeg 336w, https:\/\/coronelxavierchaves.mg.gov.br\/prefeitura\/wp-content\/uploads\/2025\/08\/VII-MOSCOXAVES-04-696x870.jpeg 696w, https:\/\/coronelxavierchaves.mg.gov.br\/prefeitura\/wp-content\/uploads\/2025\/08\/VII-MOSCOXAVES-04-1068x1335.jpeg 1068w\" sizes=\"auto, (max-width: 1080px) 100vw, 1080px\" \/> <img loading=\"lazy\" decoding=\"async\" class=\"size-full wp-image-24815 aligncenter\" src=\"https:\/\/coronelxavierchaves.mg.gov.br\/prefeitura\/wp-content\/uploads\/2025\/08\/VII-MOSCOXAVES-05.jpeg\" alt=\"\" width=\"1080\" height=\"1350\" srcset=\"https:\/\/coronelxavierchaves.mg.gov.br\/prefeitura\/wp-content\/uploads\/2025\/08\/VII-MOSCOXAVES-05.jpeg 1080w, https:\/\/coronelxavierchaves.mg.gov.br\/prefeitura\/wp-content\/uploads\/2025\/08\/VII-MOSCOXAVES-05-240x300.jpeg 240w, https:\/\/coronelxavierchaves.mg.gov.br\/prefeitura\/wp-content\/uploads\/2025\/08\/VII-MOSCOXAVES-05-819x1024.jpeg 819w, https:\/\/coronelxavierchaves.mg.gov.br\/prefeitura\/wp-content\/uploads\/2025\/08\/VII-MOSCOXAVES-05-768x960.jpeg 768w, https:\/\/coronelxavierchaves.mg.gov.br\/prefeitura\/wp-content\/uploads\/2025\/08\/VII-MOSCOXAVES-05-336x420.jpeg 336w, https:\/\/coronelxavierchaves.mg.gov.br\/prefeitura\/wp-content\/uploads\/2025\/08\/VII-MOSCOXAVES-05-696x870.jpeg 696w, https:\/\/coronelxavierchaves.mg.gov.br\/prefeitura\/wp-content\/uploads\/2025\/08\/VII-MOSCOXAVES-05-1068x1335.jpeg 1068w\" sizes=\"auto, (max-width: 1080px) 100vw, 1080px\" \/><\/p>\n<hr \/>\n<p>&nbsp;<\/p>\n","protected":false},"excerpt":{"rendered":"<p>Inscri\u00e7\u00f5es para as atividades do VII MOSCOXAVES CAMINHADA ECOL\u00d3GICA EXPOSI\u00c7\u00c3O DE CARROS ANTIGOS (Em breve) PEDAL &nbsp;<\/p>\n","protected":false},"author":3,"featured_media":0,"parent":0,"menu_order":0,"comment_status":"closed","ping_status":"closed","template":"","meta":{"footnotes":"","_links_to":"","_links_to_target":""},"class_list":["post-24810","page","type-page","status-publish"],"_links":{"self":[{"href":"https:\/\/coronelxavierchaves.mg.gov.br\/prefeitura\/wp-json\/wp\/v2\/pages\/24810","targetHints":{"allow":["GET"]}}],"collection":[{"href":"https:\/\/coronelxavierchaves.mg.gov.br\/prefeitura\/wp-json\/wp\/v2\/pages"}],"about":[{"href":"https:\/\/coronelxavierchaves.mg.gov.br\/prefeitura\/wp-json\/wp\/v2\/types\/page"}],"author":[{"embeddable":true,"href":"https:\/\/coronelxavierchaves.mg.gov.br\/prefeitura\/wp-json\/wp\/v2\/users\/3"}],"replies":[{"embeddable":true,"href":"https:\/\/coronelxavierchaves.mg.gov.br\/prefeitura\/wp-json\/wp\/v2\/comments?post=24810"}],"version-history":[{"count":4,"href":"https:\/\/coronelxavierchaves.mg.gov.br\/prefeitura\/wp-json\/wp\/v2\/pages\/24810\/revisions"}],"predecessor-version":[{"id":24820,"href":"https:\/\/coronelxavierchaves.mg.gov.br\/prefeitura\/wp-json\/wp\/v2\/pages\/24810\/revisions\/24820"}],"wp:attachment":[{"href":"https:\/\/coronelxavierchaves.mg.gov.br\/prefeitura\/wp-json\/wp\/v2\/media?parent=24810"}],"curies":[{"name":"wp","href":"https:\/\/api.w.org\/{rel}","templated":true}]}}