{"id":25814,"date":"2025-12-09T09:18:43","date_gmt":"2025-12-09T12:18:43","guid":{"rendered":"https:\/\/coronelxavierchaves.mg.gov.br\/prefeitura\/?page_id=25814"},"modified":"2026-03-26T10:58:10","modified_gmt":"2026-03-26T13:58:10","slug":"cadastro-de-empresas-sancionadas","status":"publish","type":"page","link":"https:\/\/coronelxavierchaves.mg.gov.br\/prefeitura\/cadastro-de-empresas-sancionadas\/","title":{"rendered":"CADASTRO DE EMPRESAS SANCIONADAS"},"content":{"rendered":"<div class=\"otw-sc-toggle\"><h3 class=\"toggle-trigger widget-title closed\">TH DISTRIBUIDORA LTDA.<span class=\"icon\"><\/span><\/h3><div class=\"toggle-content\"><p><br \/>\n<p>CNPJ: 45.903.015\/0001-06<\/p><br \/>\n<p>PROCESSO LICITAT\u00d3RIO N.\u00ba 129\/2025 \/ PREG\u00c3O ELETR\u00d4NICO N.\u00ba 54\/2025<\/p><br \/>\n<p>PROCESSO ADMINISTRATIVO SANCIONAT\u00d3RIO N.\u00ba 0000129\/2025<\/p><br \/>\n<p>SAN\u00c7\u00d5ES:<\/p><br \/>\n<ul><br \/>\n<li>Cancelamento da Ata de Registro de Pre\u00e7o;<\/li><br \/>\n<li>Multa no valor de R$ 2.040,99;<\/li><br \/>\n<li>Impedimento de contratar com a administra\u00e7\u00e3o p\u00fablica pelo prazo de 02 (dois) anos.<\/li><br \/>\n<\/ul><br \/>\n<p>DATA DA PUNI\u00c7\u00c3O: 25\/03\/2026<\/p><br \/>\n<\/p><\/div><\/div>\n<div class=\"otw-sc-toggle\"><h3 class=\"toggle-trigger widget-title closed\">CONSTRUTORA VIFRAN EIRELI - EPP.<span class=\"icon\"><\/span><\/h3><div class=\"toggle-content\"><p><br \/>\n<p>CNPJ: 35.484.968\/0001-15<\/p><br \/>\n<p>PROCESSO LICITAT\u00d3RIO N.\u00ba 75\/2025 \/ CONCORR\u00caNCIA ELETR\u00d4NICA N.\u00ba 30\/2025<\/p><br \/>\n<p>PROCESSO ADMINISTRATIVO SANCIONAT\u00d3RIO N.\u00ba 00007530\/2025<\/p><br \/>\n<p>SAN\u00c7\u00d5ES:<\/p><br \/>\n<ul><br \/>\n<li>Multa no valor de R$ 14.837,36;<\/li><br \/>\n<li>Desconto no valor de R$ 9.389,62 para fins de indeniza\u00e7\u00e3o por servi\u00e7o mal executado;<\/li><br \/>\n<li>Impedimento de contratar com a administra\u00e7\u00e3o p\u00fablica pelo prazo de 03 (tr\u00eas) anos.<\/li><br \/>\n<\/ul><br \/>\n<p>DATA DA PUNI\u00c7\u00c3O: 03\/02\/2026<\/p><br \/>\n<\/p><\/div><\/div>\n<div class=\"otw-sc-toggle\"><h3 class=\"toggle-trigger widget-title closed\">FACE CARD ADMINISTRADORA DE CART\u00d5ES LTDA.<span class=\"icon\"><\/span><\/h3><div class=\"toggle-content\"><p><br \/>\n<p>CNPJ: 21.935.655\/0001-00<\/p><br \/>\n<p>PROCESSO LICITAT\u00d3RIO N.\u00ba 03\/2021 \/ PREG\u00c3O PRESENCIAL N.\u00ba 02\/2021<\/p><br \/>\n<p>PROCESSO ADMINISTRATIVO SANCIONAT\u00d3RIO N.\u00ba 0322021\/2025<\/p><br \/>\n<p>SAN\u00c7\u00d5ES:<\/p><br \/>\n<ul><br \/>\n<li>Multa no valor de R$ 17.500,00;<\/li><br \/>\n<li>Impedimento de contratar com a administra\u00e7\u00e3o p\u00fablica pelo prazo de 02 (dois) anos.<\/li><br \/>\n<\/ul><br \/>\n<p>DATA DA PUNI\u00c7\u00c3O:\u00a003\/11\/2025<\/p><br \/>\n<\/p><\/div><\/div>\n<div class=\"otw-sc-toggle\"><h3 class=\"toggle-trigger widget-title closed\">FRAGA COM\u00c9RCIO SERVI\u00c7OS E EVENTOS LTDA.<span class=\"icon\"><\/span><\/h3><div class=\"toggle-content\"><p><br \/>\n<p>CNPJ: 48.812.798\/0001-00<\/p><br \/>\n<p>PROCESSO LICITAT\u00d3RIO N.\u00ba 95\/2025 \/ DISPEN\u00c7A ELETR\u00d4NICA N.\u00ba 30\/2025<\/p><br \/>\n<p>PROCESSO ADMINISTRATIVO SANCIONAT\u00d3RIO N.\u00ba 00009530\/2025<\/p><br \/>\n<p>SAN\u00c7\u00d5ES:<\/p><br \/>\n<ul><br \/>\n<li>Multa no valor de R$ 440,00;<\/li><br \/>\n<li>Advert\u00eancia;<\/li><br \/>\n<li>Desconto no valor de R$ 12.147,24 por inexecu\u00e7\u00e3o parcial do contrato;<\/li><br \/>\n<li>Declara\u00e7\u00e3o de inidoneidade para licitar ou contratar pelo prazo de 03 (tr\u00eas) anos.<\/li><br \/>\n<\/ul><br \/>\n<p>DATA DA PUNI\u00c7\u00c3O: 09\/10\/2025<\/p><br \/>\n<\/p><\/div><\/div>\n","protected":false},"excerpt":{"rendered":"","protected":false},"author":3,"featured_media":0,"parent":0,"menu_order":0,"comment_status":"closed","ping_status":"closed","template":"","meta":{"footnotes":"","_links_to":"","_links_to_target":""},"class_list":["post-25814","page","type-page","status-publish"],"_links":{"self":[{"href":"https:\/\/coronelxavierchaves.mg.gov.br\/prefeitura\/wp-json\/wp\/v2\/pages\/25814","targetHints":{"allow":["GET"]}}],"collection":[{"href":"https:\/\/coronelxavierchaves.mg.gov.br\/prefeitura\/wp-json\/wp\/v2\/pages"}],"about":[{"href":"https:\/\/coronelxavierchaves.mg.gov.br\/prefeitura\/wp-json\/wp\/v2\/types\/page"}],"author":[{"embeddable":true,"href":"https:\/\/coronelxavierchaves.mg.gov.br\/prefeitura\/wp-json\/wp\/v2\/users\/3"}],"replies":[{"embeddable":true,"href":"https:\/\/coronelxavierchaves.mg.gov.br\/prefeitura\/wp-json\/wp\/v2\/comments?post=25814"}],"version-history":[{"count":11,"href":"https:\/\/coronelxavierchaves.mg.gov.br\/prefeitura\/wp-json\/wp\/v2\/pages\/25814\/revisions"}],"predecessor-version":[{"id":27186,"href":"https:\/\/coronelxavierchaves.mg.gov.br\/prefeitura\/wp-json\/wp\/v2\/pages\/25814\/revisions\/27186"}],"wp:attachment":[{"href":"https:\/\/coronelxavierchaves.mg.gov.br\/prefeitura\/wp-json\/wp\/v2\/media?parent=25814"}],"curies":[{"name":"wp","href":"https:\/\/api.w.org\/{rel}","templated":true}]}}