{"id":3342,"date":"2019-03-27T07:49:41","date_gmt":"2019-03-27T10:49:41","guid":{"rendered":"http:\/\/coronelxavierchaves.mg.gov.br\/prefeitura\/?page_id=3342"},"modified":"2019-04-15T20:22:32","modified_gmt":"2019-04-15T23:22:32","slug":"assistenciasocial-osverdinhos","status":"publish","type":"page","link":"https:\/\/coronelxavierchaves.mg.gov.br\/prefeitura\/assistenciasocial-osverdinhos\/","title":{"rendered":"Os Verdinhos"},"content":{"rendered":"<p style=\"text-align: center;\"><strong><a href=\"http:\/\/coronelxavierchaves.mg.gov.br\/prefeitura\/wp-content\/uploads\/2019\/04\/cras.png\" data-rel=\"lightbox-image-0\" data-rl_title=\"\" data-rl_caption=\"\" title=\"\"><img loading=\"lazy\" decoding=\"async\" class=\"alignnone size-full wp-image-3478\" src=\"http:\/\/coronelxavierchaves.mg.gov.br\/prefeitura\/wp-content\/uploads\/2019\/04\/cras.png\" alt=\"\" width=\"762\" height=\"159\" srcset=\"https:\/\/coronelxavierchaves.mg.gov.br\/prefeitura\/wp-content\/uploads\/2019\/04\/cras.png 762w, https:\/\/coronelxavierchaves.mg.gov.br\/prefeitura\/wp-content\/uploads\/2019\/04\/cras-300x63.png 300w\" sizes=\"auto, (max-width: 762px) 100vw, 762px\" \/><\/a><\/strong><\/p>\n<p>&nbsp;<\/p>\n<p style=\"text-align: center;\"><strong>APRESENTA\u00c7\u00c3O DOS PROJETOS DO SERVI\u00c7O DE CONVIV\u00caNCIA E FORTALECIMENTO DE V\u00cdNCULOS \u2013 SCFV DO CENTRO DE REFER\u00caNCIA DE ASSIST\u00caNCIA SOCIAL (CRAS) DE CORONEL XAVIER CHAVES &#8211; MG<\/strong><\/p>\n<p>&nbsp;<\/p>\n<blockquote><p>Os Verdinhos \u2013 Colhendo Bons Frutos<\/p><\/blockquote>\n<table>\n<tbody>\n<tr>\n<td><a href=\"http:\/\/coronelxavierchaves.mg.gov.br\/prefeitura\/wp-content\/uploads\/2019\/04\/WhatsApp-Image-2019-03-27-at-08.55.08.jpeg\" data-rel=\"lightbox-image-1\" data-rl_title=\"\" data-rl_caption=\"\" title=\"\"><img loading=\"lazy\" decoding=\"async\" class=\" wp-image-3462 alignleft\" src=\"http:\/\/coronelxavierchaves.mg.gov.br\/prefeitura\/wp-content\/uploads\/2019\/04\/WhatsApp-Image-2019-03-27-at-08.55.08-199x300.jpeg\" alt=\"\" width=\"115\" height=\"174\" srcset=\"https:\/\/coronelxavierchaves.mg.gov.br\/prefeitura\/wp-content\/uploads\/2019\/04\/WhatsApp-Image-2019-03-27-at-08.55.08-199x300.jpeg 199w, https:\/\/coronelxavierchaves.mg.gov.br\/prefeitura\/wp-content\/uploads\/2019\/04\/WhatsApp-Image-2019-03-27-at-08.55.08-768x1157.jpeg 768w, https:\/\/coronelxavierchaves.mg.gov.br\/prefeitura\/wp-content\/uploads\/2019\/04\/WhatsApp-Image-2019-03-27-at-08.55.08-680x1024.jpeg 680w, https:\/\/coronelxavierchaves.mg.gov.br\/prefeitura\/wp-content\/uploads\/2019\/04\/WhatsApp-Image-2019-03-27-at-08.55.08.jpeg 510w\" sizes=\"auto, (max-width: 115px) 100vw, 115px\" \/><\/a>O projeto \u201cOs Verdinhos \u2013 Colhendo Bons Frutos\u201d \u00e9 fruto de uma parceria entre a Pol\u00edcia Militar de Minas Gerais e a Secretaria Municipal de Assist\u00eancia Social de Coronel Xavier Chaves. Seu prop\u00f3sito \u00e9 o de, conforme as recomenda\u00e7\u00f5es da Tipifica\u00e7\u00e3o Nacional de Servi\u00e7os Socioassistenciais, contribuir para o fortalecimento de v\u00ednculos familiares e comunit\u00e1rios, por meio do desenvolvimento de atividades que estimulem a conviv\u00eancia social, al\u00e9m de refor\u00e7ar as rela\u00e7\u00f5es de afetividade, solidariedade e respeito m\u00fatuo. Nesse sentido, o projeto \u201cOs Verdinhos \u2013 Colhendo Bons Frutos\u201d organiza-se como forma de interven\u00e7\u00e3o social planejada, com a proposta de cultivo de uma horta comunit\u00e1ria, desenvolvida e mantida por um grupo de crian\u00e7as na faixa et\u00e1ria de 06 a 15 anos de idade.<\/td>\n<\/tr>\n<\/tbody>\n<\/table>\n<p>&nbsp;<\/p>\n<p style=\"text-align: center;\"><a href=\"http:\/\/coronelxavierchaves.mg.gov.br\/prefeitura\/wp-content\/uploads\/2019\/04\/WhatsApp-Image-2019-03-27-at-08.55.07.jpeg\" data-rel=\"lightbox-image-2\" data-rl_title=\"\" data-rl_caption=\"\" title=\"\"><img loading=\"lazy\" decoding=\"async\" class=\"alignnone size-thumbnail wp-image-3465\" src=\"http:\/\/coronelxavierchaves.mg.gov.br\/prefeitura\/wp-content\/uploads\/2019\/04\/WhatsApp-Image-2019-03-27-at-08.55.07-130x130.jpeg\" alt=\"\" width=\"130\" height=\"130\" srcset=\"https:\/\/coronelxavierchaves.mg.gov.br\/prefeitura\/wp-content\/uploads\/2019\/04\/WhatsApp-Image-2019-03-27-at-08.55.07-130x130.jpeg 130w, https:\/\/coronelxavierchaves.mg.gov.br\/prefeitura\/wp-content\/uploads\/2019\/04\/WhatsApp-Image-2019-03-27-at-08.55.07-45x45.jpeg 45w\" sizes=\"auto, (max-width: 130px) 100vw, 130px\" \/><\/a><a href=\"http:\/\/coronelxavierchaves.mg.gov.br\/prefeitura\/wp-content\/uploads\/2019\/04\/WhatsApp-Image-2019-03-27-at-08.55.09.jpeg\" data-rel=\"lightbox-image-3\" data-rl_title=\"\" data-rl_caption=\"\" title=\"\"><img loading=\"lazy\" decoding=\"async\" class=\"alignnone size-thumbnail wp-image-3464\" src=\"http:\/\/coronelxavierchaves.mg.gov.br\/prefeitura\/wp-content\/uploads\/2019\/04\/WhatsApp-Image-2019-03-27-at-08.55.09-130x130.jpeg\" alt=\"\" width=\"130\" height=\"130\" srcset=\"https:\/\/coronelxavierchaves.mg.gov.br\/prefeitura\/wp-content\/uploads\/2019\/04\/WhatsApp-Image-2019-03-27-at-08.55.09-130x130.jpeg 130w, https:\/\/coronelxavierchaves.mg.gov.br\/prefeitura\/wp-content\/uploads\/2019\/04\/WhatsApp-Image-2019-03-27-at-08.55.09-45x45.jpeg 45w\" sizes=\"auto, (max-width: 130px) 100vw, 130px\" \/><\/a><a href=\"http:\/\/coronelxavierchaves.mg.gov.br\/prefeitura\/wp-content\/uploads\/2019\/04\/WhatsApp-Image-2019-03-27-at-08.55.09-1.jpeg\" data-rel=\"lightbox-image-4\" data-rl_title=\"\" data-rl_caption=\"\" title=\"\"><img loading=\"lazy\" decoding=\"async\" class=\"alignnone size-thumbnail wp-image-3463\" src=\"http:\/\/coronelxavierchaves.mg.gov.br\/prefeitura\/wp-content\/uploads\/2019\/04\/WhatsApp-Image-2019-03-27-at-08.55.09-1-130x130.jpeg\" alt=\"\" width=\"130\" height=\"130\" srcset=\"https:\/\/coronelxavierchaves.mg.gov.br\/prefeitura\/wp-content\/uploads\/2019\/04\/WhatsApp-Image-2019-03-27-at-08.55.09-1-130x130.jpeg 130w, https:\/\/coronelxavierchaves.mg.gov.br\/prefeitura\/wp-content\/uploads\/2019\/04\/WhatsApp-Image-2019-03-27-at-08.55.09-1-45x45.jpeg 45w\" sizes=\"auto, (max-width: 130px) 100vw, 130px\" \/><\/a><a href=\"http:\/\/coronelxavierchaves.mg.gov.br\/prefeitura\/wp-content\/uploads\/2019\/04\/WhatsApp-Image-2019-03-27-at-08.55.08.jpeg\" data-rel=\"lightbox-image-5\" data-rl_title=\"\" data-rl_caption=\"\" title=\"\"><img loading=\"lazy\" decoding=\"async\" class=\"alignnone size-thumbnail wp-image-3462\" src=\"http:\/\/coronelxavierchaves.mg.gov.br\/prefeitura\/wp-content\/uploads\/2019\/04\/WhatsApp-Image-2019-03-27-at-08.55.08-130x130.jpeg\" alt=\"\" width=\"130\" height=\"130\" srcset=\"https:\/\/coronelxavierchaves.mg.gov.br\/prefeitura\/wp-content\/uploads\/2019\/04\/WhatsApp-Image-2019-03-27-at-08.55.08-130x130.jpeg 130w, https:\/\/coronelxavierchaves.mg.gov.br\/prefeitura\/wp-content\/uploads\/2019\/04\/WhatsApp-Image-2019-03-27-at-08.55.08-45x45.jpeg 45w\" sizes=\"auto, (max-width: 130px) 100vw, 130px\" \/><\/a><a href=\"http:\/\/coronelxavierchaves.mg.gov.br\/prefeitura\/wp-content\/uploads\/2019\/04\/WhatsApp-Image-2019-03-27-at-08.55.09-2.jpeg\" data-rel=\"lightbox-image-6\" data-rl_title=\"\" data-rl_caption=\"\" title=\"\"><img loading=\"lazy\" decoding=\"async\" class=\"alignnone size-thumbnail wp-image-3461\" src=\"http:\/\/coronelxavierchaves.mg.gov.br\/prefeitura\/wp-content\/uploads\/2019\/04\/WhatsApp-Image-2019-03-27-at-08.55.09-2-130x130.jpeg\" alt=\"\" width=\"130\" height=\"130\" srcset=\"https:\/\/coronelxavierchaves.mg.gov.br\/prefeitura\/wp-content\/uploads\/2019\/04\/WhatsApp-Image-2019-03-27-at-08.55.09-2-130x130.jpeg 130w, https:\/\/coronelxavierchaves.mg.gov.br\/prefeitura\/wp-content\/uploads\/2019\/04\/WhatsApp-Image-2019-03-27-at-08.55.09-2-45x45.jpeg 45w\" sizes=\"auto, (max-width: 130px) 100vw, 130px\" \/><\/a><a href=\"http:\/\/coronelxavierchaves.mg.gov.br\/prefeitura\/wp-content\/uploads\/2019\/04\/WhatsApp-Image-2019-03-27-at-08.55.10-1.jpeg\" data-rel=\"lightbox-image-7\" data-rl_title=\"\" data-rl_caption=\"\" title=\"\"><img loading=\"lazy\" decoding=\"async\" class=\"alignnone size-thumbnail wp-image-3460\" src=\"http:\/\/coronelxavierchaves.mg.gov.br\/prefeitura\/wp-content\/uploads\/2019\/04\/WhatsApp-Image-2019-03-27-at-08.55.10-1-130x130.jpeg\" alt=\"\" width=\"130\" height=\"130\" srcset=\"https:\/\/coronelxavierchaves.mg.gov.br\/prefeitura\/wp-content\/uploads\/2019\/04\/WhatsApp-Image-2019-03-27-at-08.55.10-1-130x130.jpeg 130w, https:\/\/coronelxavierchaves.mg.gov.br\/prefeitura\/wp-content\/uploads\/2019\/04\/WhatsApp-Image-2019-03-27-at-08.55.10-1-45x45.jpeg 45w\" sizes=\"auto, (max-width: 130px) 100vw, 130px\" \/><\/a><a href=\"http:\/\/coronelxavierchaves.mg.gov.br\/prefeitura\/wp-content\/uploads\/2019\/04\/WhatsApp-Image-2019-03-27-at-08.55.11-1.jpeg\" data-rel=\"lightbox-image-8\" data-rl_title=\"\" data-rl_caption=\"\" title=\"\"><img loading=\"lazy\" decoding=\"async\" class=\"alignnone size-thumbnail wp-image-3459\" src=\"http:\/\/coronelxavierchaves.mg.gov.br\/prefeitura\/wp-content\/uploads\/2019\/04\/WhatsApp-Image-2019-03-27-at-08.55.11-1-130x130.jpeg\" alt=\"\" width=\"130\" height=\"130\" srcset=\"https:\/\/coronelxavierchaves.mg.gov.br\/prefeitura\/wp-content\/uploads\/2019\/04\/WhatsApp-Image-2019-03-27-at-08.55.11-1-130x130.jpeg 130w, https:\/\/coronelxavierchaves.mg.gov.br\/prefeitura\/wp-content\/uploads\/2019\/04\/WhatsApp-Image-2019-03-27-at-08.55.11-1-45x45.jpeg 45w\" sizes=\"auto, (max-width: 130px) 100vw, 130px\" \/><\/a><a href=\"http:\/\/coronelxavierchaves.mg.gov.br\/prefeitura\/wp-content\/uploads\/2019\/04\/WhatsApp-Image-2019-03-27-at-08.55.11.jpeg\" data-rel=\"lightbox-image-9\" data-rl_title=\"\" data-rl_caption=\"\" title=\"\"><img loading=\"lazy\" decoding=\"async\" class=\"alignnone size-thumbnail wp-image-3458\" src=\"http:\/\/coronelxavierchaves.mg.gov.br\/prefeitura\/wp-content\/uploads\/2019\/04\/WhatsApp-Image-2019-03-27-at-08.55.11-130x130.jpeg\" alt=\"\" width=\"130\" height=\"130\" srcset=\"https:\/\/coronelxavierchaves.mg.gov.br\/prefeitura\/wp-content\/uploads\/2019\/04\/WhatsApp-Image-2019-03-27-at-08.55.11-130x130.jpeg 130w, https:\/\/coronelxavierchaves.mg.gov.br\/prefeitura\/wp-content\/uploads\/2019\/04\/WhatsApp-Image-2019-03-27-at-08.55.11-45x45.jpeg 45w\" sizes=\"auto, (max-width: 130px) 100vw, 130px\" \/><\/a><a href=\"http:\/\/coronelxavierchaves.mg.gov.br\/prefeitura\/wp-content\/uploads\/2019\/04\/WhatsApp-Image-2019-03-27-at-08.55.10.jpeg\" data-rel=\"lightbox-image-10\" data-rl_title=\"\" data-rl_caption=\"\" title=\"\"><img loading=\"lazy\" decoding=\"async\" class=\"alignnone size-thumbnail wp-image-3457\" src=\"http:\/\/coronelxavierchaves.mg.gov.br\/prefeitura\/wp-content\/uploads\/2019\/04\/WhatsApp-Image-2019-03-27-at-08.55.10-130x130.jpeg\" alt=\"\" width=\"130\" height=\"130\" srcset=\"https:\/\/coronelxavierchaves.mg.gov.br\/prefeitura\/wp-content\/uploads\/2019\/04\/WhatsApp-Image-2019-03-27-at-08.55.10-130x130.jpeg 130w, https:\/\/coronelxavierchaves.mg.gov.br\/prefeitura\/wp-content\/uploads\/2019\/04\/WhatsApp-Image-2019-03-27-at-08.55.10-45x45.jpeg 45w\" sizes=\"auto, (max-width: 130px) 100vw, 130px\" \/><\/a><a href=\"http:\/\/coronelxavierchaves.mg.gov.br\/prefeitura\/wp-content\/uploads\/2019\/04\/WhatsApp-Image-2019-03-27-at-08.55.12.jpeg\" data-rel=\"lightbox-image-11\" data-rl_title=\"\" data-rl_caption=\"\" title=\"\"><img loading=\"lazy\" decoding=\"async\" class=\"alignnone size-thumbnail wp-image-3456\" src=\"http:\/\/coronelxavierchaves.mg.gov.br\/prefeitura\/wp-content\/uploads\/2019\/04\/WhatsApp-Image-2019-03-27-at-08.55.12-130x130.jpeg\" alt=\"\" width=\"130\" height=\"130\" srcset=\"https:\/\/coronelxavierchaves.mg.gov.br\/prefeitura\/wp-content\/uploads\/2019\/04\/WhatsApp-Image-2019-03-27-at-08.55.12-130x130.jpeg 130w, https:\/\/coronelxavierchaves.mg.gov.br\/prefeitura\/wp-content\/uploads\/2019\/04\/WhatsApp-Image-2019-03-27-at-08.55.12-45x45.jpeg 45w\" sizes=\"auto, (max-width: 130px) 100vw, 130px\" \/><\/a><\/p>\n<p>&nbsp;<\/p>\n<p>&nbsp;<\/p>\n","protected":false},"excerpt":{"rendered":"<p>&nbsp; APRESENTA\u00c7\u00c3O DOS PROJETOS DO SERVI\u00c7O DE CONVIV\u00caNCIA E FORTALECIMENTO DE V\u00cdNCULOS \u2013 SCFV DO CENTRO DE REFER\u00caNCIA DE ASSIST\u00caNCIA SOCIAL (CRAS) DE CORONEL XAVIER CHAVES &#8211; MG &nbsp; Os Verdinhos \u2013 Colhendo Bons Frutos O projeto \u201cOs Verdinhos \u2013 Colhendo Bons Frutos\u201d \u00e9 fruto de uma parceria entre a Pol\u00edcia Militar de Minas Gerais [&hellip;]<\/p>\n","protected":false},"author":1,"featured_media":0,"parent":0,"menu_order":0,"comment_status":"closed","ping_status":"closed","template":"","meta":{"footnotes":"","_links_to":"","_links_to_target":""},"class_list":["post-3342","page","type-page","status-publish"],"_links":{"self":[{"href":"https:\/\/coronelxavierchaves.mg.gov.br\/prefeitura\/wp-json\/wp\/v2\/pages\/3342","targetHints":{"allow":["GET"]}}],"collection":[{"href":"https:\/\/coronelxavierchaves.mg.gov.br\/prefeitura\/wp-json\/wp\/v2\/pages"}],"about":[{"href":"https:\/\/coronelxavierchaves.mg.gov.br\/prefeitura\/wp-json\/wp\/v2\/types\/page"}],"author":[{"embeddable":true,"href":"https:\/\/coronelxavierchaves.mg.gov.br\/prefeitura\/wp-json\/wp\/v2\/users\/1"}],"replies":[{"embeddable":true,"href":"https:\/\/coronelxavierchaves.mg.gov.br\/prefeitura\/wp-json\/wp\/v2\/comments?post=3342"}],"version-history":[{"count":0,"href":"https:\/\/coronelxavierchaves.mg.gov.br\/prefeitura\/wp-json\/wp\/v2\/pages\/3342\/revisions"}],"wp:attachment":[{"href":"https:\/\/coronelxavierchaves.mg.gov.br\/prefeitura\/wp-json\/wp\/v2\/media?parent=3342"}],"curies":[{"name":"wp","href":"https:\/\/api.w.org\/{rel}","templated":true}]}}