{"id":391,"date":"2017-02-04T23:50:09","date_gmt":"2017-02-05T01:50:09","guid":{"rendered":"http:\/\/coronelxavierchaves.mg.gov.br\/prefeitura\/?page_id=391"},"modified":"2019-08-24T10:08:11","modified_gmt":"2019-08-24T13:08:11","slug":"sociedade-rural","status":"publish","type":"page","link":"https:\/\/coronelxavierchaves.mg.gov.br\/prefeitura\/sociedade-rural\/","title":{"rendered":"SOCIEDADE RURAL"},"content":{"rendered":"<div class=\"otw-sc-toggle\"><h3 class=\"toggle-trigger widget-title closed\">APLEI<span class=\"icon\"><\/span><\/h3><div class=\"toggle-content\"><p><br \/>\n<p style=\"text-align: justify;\">&#8220;O Munic\u00edpio de Coronel Xavier Chaves, com 50% da popula\u00e7\u00e3o vivendo na zona rural, tem como sua principal atividade a pecu\u00e1ria leiteira. Essa condi\u00e7\u00e3o, historicamente, vinha sendo danosa e cruel na rela\u00e7\u00e3o comercial com os donos de latic\u00ednios da regi\u00e3o, cujo o argumento para que fosse pago sempre menor pre\u00e7o pelo nosso produto estava rigorosamente baseado na pequena quantidade entregue pelo produtor, individualmente. Embora c\u00f4moda para o comprador, essa situa\u00e7\u00e3o vinha criando dificuldades cada vez maiores no equil\u00edbrio entre a receita e a despesa, provocando com isso, desest\u00edmulo e ang\u00fastia naqueles produtores que aprenderam a ter paix\u00e3o pela rotina com o gado de leite.<\/p><br \/>\n<p style=\"text-align: justify;\">Com a cria\u00e7\u00e3o da Associa\u00e7\u00e3o, a partir de julho de 2001, passou a acontecer, em princ\u00edpio, uma radical mudan\u00e7a de comportamento por parte dos compradores, pois se tornou poss\u00edvel sentarmos \u00e0 mesa para negociarmos o pre\u00e7o e contrato para o leite. Tendo-se, tamb\u00e9m, verificado um ganho que varia de cinco a seis centavos por litro, em fun\u00e7\u00e3o do volume negociado.<\/p><br \/>\n<p style=\"text-align: justify;\">Devemos lembrar que em 21 meses de nossa exist\u00eancia, como entidade, atingimos, em fevereiro de 2003, o valor de R$ 1.000.000,00 (um milh\u00e3o de reais) com a vendas de leite, acompanhada de documento fiscal, gerando tamb\u00e9m para o munic\u00edpio significativa receita de ICMS.<\/p><br \/>\n<p style=\"text-align: justify;\">Finalmente, estamos conscientes de que com essa nova maneira de conduzirmos nossa atividade da porteira para fora, teremos a oportunidade de continuarmos com nossas ra\u00edzes fincadas onde sempre estiveram nossos av\u00f3s e nossos pais&#8221;<\/p><br \/>\n<p>por Ant\u00f4nio Nunes Silva<\/p><br \/>\n<\/p><\/div><\/div>\n<div class=\"otw-sc-toggle\"><h3 class=\"toggle-trigger widget-title closed\">ARCEL<span class=\"icon\"><\/span><\/h3><div class=\"toggle-content\"><p><br \/>\n<p><a href=\"http:\/\/www.arcel.org.br\/\">http:\/\/www.arcel.org.br\/<\/a><\/p><br \/>\n<\/p><\/div><\/div>\n<div class=\"otw-sc-toggle\"><h3 class=\"toggle-trigger widget-title closed\">EMATER<span class=\"icon\"><\/span><\/h3><div class=\"toggle-content\"><p><br \/>\n<p><a href=\"http:\/\/coronelxavierchaves.mg.gov.br\/prefeitura\/emater\/\">http:\/\/coronelxavierchaves.mg.gov.br\/prefeitura\/emater\/<\/a><\/p><br \/>\n<\/p><\/div><\/div>\n<div class=\"otw-sc-toggle\"><h3 class=\"toggle-trigger widget-title closed\">CMDRS<span class=\"icon\"><\/span><\/h3><div class=\"toggle-content\"><p><br \/>\n<p style=\"text-align: justify;\">O Conselho Municipal de Desenvolvimento Rural Sustent\u00e1vel \u2013 CMDRS criado pela lei Municipal n\u00ba 609\/02 de 04 de outubro de 2002, \u00f3rg\u00e3o consultivo deliberativo da pol\u00edtica de desenvolvimento rural do Munic\u00edpio de Coronel Xavier Chaves, reger-se \u00e1 por regimento Interno e pelas normas aplic\u00e1veis. A partir de 01 de Junho de 2011 a Lei n\u00ba 951 disp\u00f5e sobre reformula\u00e7\u00e3o do conselho Municipal de Desenvolvimento Rural Sustent\u00e1vel- CMDRS de Coronel Xavier Chaves e d\u00e1 outras provid\u00eancias.<\/p><br \/>\n<p>Fica o poder Executivo Municipal autorizado a reformular o conselho Municipal de Desenvolvimento Rural Sustent\u00e1vel- CMDRS , \u00f3rg\u00e3o gestor do desenvolvimento rural sustent\u00e1vel do Municipal de coronel Xavier Chaves que ter\u00e1 fun\u00e7\u00e3o consultiva e deliberativa, segundo o contexto de cada pol\u00edtica p\u00fablica ou programa de desenvolvimento rural em implementa\u00e7\u00e3o.<\/p><br \/>\n<p style=\"text-align: center;\"><a href=\"http:\/\/coronelxavierchaves.mg.gov.br\/prefeitura\/wp-content\/uploads\/2017\/02\/28.jpg\" data-rel=\"lightbox-image-0\" data-rl_title=\"\" data-rl_caption=\"\" title=\"\"><img loading=\"lazy\" decoding=\"async\" class=\"alignnone size-thumbnail wp-image-392\" src=\"http:\/\/coronelxavierchaves.mg.gov.br\/prefeitura\/wp-content\/uploads\/2017\/02\/28-150x150.jpg\" alt=\"\" width=\"150\" height=\"150\" \/><\/a> <a href=\"http:\/\/coronelxavierchaves.mg.gov.br\/prefeitura\/wp-content\/uploads\/2017\/02\/30.jpg\" data-rel=\"lightbox-image-1\" data-rl_title=\"\" data-rl_caption=\"\" title=\"\"><img loading=\"lazy\" decoding=\"async\" class=\"alignnone size-thumbnail wp-image-393\" src=\"http:\/\/coronelxavierchaves.mg.gov.br\/prefeitura\/wp-content\/uploads\/2017\/02\/30-150x150.jpg\" alt=\"\" width=\"150\" height=\"150\" \/><\/a> <a href=\"http:\/\/coronelxavierchaves.mg.gov.br\/prefeitura\/wp-content\/uploads\/2017\/02\/32.jpg\" data-rel=\"lightbox-image-2\" data-rl_title=\"\" data-rl_caption=\"\" title=\"\"><img loading=\"lazy\" decoding=\"async\" class=\"alignnone size-thumbnail wp-image-394\" src=\"http:\/\/coronelxavierchaves.mg.gov.br\/prefeitura\/wp-content\/uploads\/2017\/02\/32-150x150.jpg\" alt=\"\" width=\"150\" height=\"150\" \/><\/a> <a href=\"http:\/\/coronelxavierchaves.mg.gov.br\/prefeitura\/wp-content\/uploads\/2017\/02\/34.jpg\" data-rel=\"lightbox-image-3\" data-rl_title=\"\" data-rl_caption=\"\" title=\"\"><img loading=\"lazy\" decoding=\"async\" class=\"alignnone size-thumbnail wp-image-395\" src=\"http:\/\/coronelxavierchaves.mg.gov.br\/prefeitura\/wp-content\/uploads\/2017\/02\/34-150x150.jpg\" alt=\"\" width=\"150\" height=\"150\" \/><\/a><\/p><br \/>\n<\/p><\/div><\/div>\n","protected":false},"excerpt":{"rendered":"","protected":false},"author":1,"featured_media":0,"parent":0,"menu_order":0,"comment_status":"closed","ping_status":"closed","template":"","meta":{"footnotes":"","_links_to":"","_links_to_target":""},"class_list":["post-391","page","type-page","status-publish"],"_links":{"self":[{"href":"https:\/\/coronelxavierchaves.mg.gov.br\/prefeitura\/wp-json\/wp\/v2\/pages\/391","targetHints":{"allow":["GET"]}}],"collection":[{"href":"https:\/\/coronelxavierchaves.mg.gov.br\/prefeitura\/wp-json\/wp\/v2\/pages"}],"about":[{"href":"https:\/\/coronelxavierchaves.mg.gov.br\/prefeitura\/wp-json\/wp\/v2\/types\/page"}],"author":[{"embeddable":true,"href":"https:\/\/coronelxavierchaves.mg.gov.br\/prefeitura\/wp-json\/wp\/v2\/users\/1"}],"replies":[{"embeddable":true,"href":"https:\/\/coronelxavierchaves.mg.gov.br\/prefeitura\/wp-json\/wp\/v2\/comments?post=391"}],"version-history":[{"count":1,"href":"https:\/\/coronelxavierchaves.mg.gov.br\/prefeitura\/wp-json\/wp\/v2\/pages\/391\/revisions"}],"predecessor-version":[{"id":4352,"href":"https:\/\/coronelxavierchaves.mg.gov.br\/prefeitura\/wp-json\/wp\/v2\/pages\/391\/revisions\/4352"}],"wp:attachment":[{"href":"https:\/\/coronelxavierchaves.mg.gov.br\/prefeitura\/wp-json\/wp\/v2\/media?parent=391"}],"curies":[{"name":"wp","href":"https:\/\/api.w.org\/{rel}","templated":true}]}}