{"id":8327,"date":"2020-11-12T13:07:13","date_gmt":"2020-11-12T16:07:13","guid":{"rendered":"http:\/\/coronelxavierchaves.mg.gov.br\/prefeitura\/?page_id=8327"},"modified":"2026-02-10T09:39:01","modified_gmt":"2026-02-10T12:39:01","slug":"secretaria-de-cultura","status":"publish","type":"page","link":"https:\/\/coronelxavierchaves.mg.gov.br\/prefeitura\/secretaria-de-cultura\/","title":{"rendered":"SETOR DE CULTURA E TURISMO"},"content":{"rendered":"<p>&nbsp;<\/p>\n<div class=\"otw-sc-toggle\"><h3 class=\"toggle-trigger widget-title closed\">ATUALIZA\u00c7\u00c3O DOS BENS INVENTARIADOS<span class=\"icon\"><\/span><\/h3><div class=\"toggle-content\"><p><br \/>\n<p><a href=\"https:\/\/coronelxavierchaves.mg.gov.br\/prefeitura\/patrimonio-cultural\/\">Acessar Patrim\u00f4nio Cultural<\/a><\/p><br \/>\n<\/p><\/div><\/div>\n<div class=\"otw-sc-toggle\"><h3 class=\"toggle-trigger widget-title closed\">CADASTRAMENTO DA CULTURA<span class=\"icon\"><\/span><\/h3><div class=\"toggle-content\"><p><br \/>\n<p><a href=\"http:\/\/coronelxavierchaves.mg.gov.br\/prefeitura\/cultura\/\" target=\"_blank\" rel=\"noopener noreferrer\">Acessar Cadastramento da Cultura<\/a><\/p><br \/>\n<\/p><\/div><\/div>\n<div class=\"otw-sc-toggle\"><h3 class=\"toggle-trigger widget-title closed\">CHAMADA P\u00daBLICA LEI ALDIR BLANC<span class=\"icon\"><\/span><\/h3><div class=\"toggle-content\"><p><br \/>\n<p><a href=\"http:\/\/coronelxavierchaves.mg.gov.br\/prefeitura\/chamada-publica-lei-aldir-blanc\/\" target=\"_blank\" rel=\"noopener noreferrer\">Acessar Chamada P\u00fablica<\/a><\/p><br \/>\n<\/p><\/div><\/div>\n<div class=\"otw-sc-toggle\"><h3 class=\"toggle-trigger widget-title closed\">EDITAIS<span class=\"icon\"><\/span><\/h3><div class=\"toggle-content\"><p><br \/>\n<div class=\"pt-cv-wrapper\"><div class=\"pt-cv-view pt-cv-collapsible\" id=\"pt-cv-view-7f8a90ehwa\"><div data-id=\"pt-cv-page-1\" class=\"pt-cv-page\" data-cvc=\"1\"><div class=\"panel-group\" id=\"0c0e09az2b\"><div class=\"panel panel-default pt-cv-content-item pt-cv-1-col\" >\r\n<div class=\"panel-heading pt-cv-title\">\r\n    <a class=\"panel-title\" data-toggle=\"cvcollapse\" data-parent=\"#0c0e09az2b\" data-target=\"#30862c4e7k\" href='https:\/\/coronelxavierchaves.mg.gov.br\/prefeitura\/2025\/02\/12\/edital-no-01-2025-credenciamento-de-blocos-carnavalescos\/' onclick='event.preventDefault()'>\r\n\t\tEdital N\u00ba 01\/2025 &#8211; Credenciamento de Blocos Carnavalescos\t<\/a>\r\n\t<\/div>\r\n<div id=\"30862c4e7k\" class=\"panel-collapse collapse \">\r\n\t<div class=\"panel-body\">\r\n\t\t<div class=\"pt-cv-content\"><p><a href=\"https:\/\/coronelxavierchaves.mg.gov.br\/prefeitura\/wp-content\/uploads\/2025\/02\/EDITAL-CREDENCIAMENTO-BLOCOS-CARNAVALESCOS.pdf\">EDITAL CREDENCIAMENTO DE BLOCOS CARNAVALESCOS &#8211; 2025<\/a><\/p>\n<\/div>\t<\/div>\r\n<\/div><\/div><\/div><\/div><\/div><\/div><br \/>\n<\/p><\/div><\/div>\n<div class=\"otw-sc-toggle\"><h3 class=\"toggle-trigger widget-title closed\">LEI PAULO GUSTAVO<span class=\"icon\"><\/span><\/h3><div class=\"toggle-content\"><p><br \/>\n<p><strong>Lei Paulo Gustavo Coronel Xavier Chaves &#8211; 2023<\/strong><\/p><br \/>\n<p><strong>A Lei Paulo Gustavo:<\/strong><\/p><br \/>\n<p>A Lei Complementar n\u00ba195\/2022 \u00e9 uma legisla\u00e7\u00e3o que tem como objetivo ajudar na recupera\u00e7\u00e3o do setor cultural ap\u00f3s as perdas acumuladas durante a pandemia de Covid-19. A Lei foi sancionada em julho de 2022, ap\u00f3s tramitar pelo Congresso Nacional sob o Projeto de Lei Complementar n\u00ba73\/2021. A proposta, de iniciativa do Senado Federal, foi apresentada em dezembro de 2021, sete meses ap\u00f3s o falecimento do ator e humorista Paulo Gustavo, v\u00edtima de Covid. O recurso disponibilizado ser\u00e1 operado diretamente pelos estados e munic\u00edpios, e vem de super\u00e1vits financeiros do Fundo Nacional de Cultura (FNC) e do Fundo\u00a0Setorial do Audiovisual (FSA)<\/p><br \/>\n<ul><br \/>\n<li><a href=\"https:\/\/www.secult.mg.gov.br\/download\/category\/30-lei-aldir-blanc?download=3086:decreto-federal-11-453-2023\" target=\"_self\" rel=\"noopener\">Decreto Federal N\u00ba 11.453\/2023 &#8211; Disp\u00f5e sobre os mecanismos de fomento do sistema de financiamento \u00e0 cultura<\/a><\/li><br \/>\n<li><a href=\"https:\/\/www.secult.mg.gov.br\/download\/category\/30-lei-aldir-blanc?download=3087:lei-complementar-federal-195\" target=\"_self\" rel=\"noopener\">Lei Complementar Federal N\u00b0 195\/2022 &#8211; Disp\u00f5e sobre apoio financeiro da Uni\u00e3o aos Estados, ao Distrito Federal e aos Munic\u00edpios<\/a><\/li><br \/>\n<li><a href=\"https:\/\/www.secult.mg.gov.br\/download\/category\/30-lei-aldir-blanc?download=3088:portaria-minc-2-2023\" target=\"_self\" rel=\"noopener\">Portaria MINC N\u00ba 2\/2023 &#8211; Institui o Grupo de Trabalho<\/a><\/li><br \/>\n<li><a href=\"https:\/\/www.secult.mg.gov.br\/download\/category\/30-lei-aldir-blanc?download=3089:resolucao-estadual-secult-n-40\" target=\"_self\" rel=\"noopener\">Resolu\u00e7\u00e3o Secult N\u00ba40 &#8211; Institui em \u00e2mbito estadual a Comiss\u00e3o de Gest\u00e3o Estrat\u00e9gica<\/a><\/li><br \/>\n<li><a href=\"https:\/\/www.secult.mg.gov.br\/download\/category\/21-outros?download=3097:decreto-11-525\" target=\"_self\" rel=\"noopener\">Decreto Federal N\u00b0 11.525\/2023 &#8211; Regulamenta a Lei Complementar N\u00ba 195\/2022<\/a><\/li><br \/>\n<\/ul><br \/>\n<hr \/><br \/>\n<p><strong>LOGOMARCAS:<\/strong><\/p><br \/>\n<p><strong>LOGO GOVERNO FEDERAL E LEI PAULO GUSTAVO &#8211; <a href=\"https:\/\/coronelxavierchaves.mg.gov.br\/prefeitura\/wp-content\/uploads\/2023\/11\/log_gov_fed_lpg.zip\">Clique aqui<\/a><\/strong><\/p><br \/>\n<p><strong>LOGO PREFEITURA DE CORONEL XAVIER CHAVES &#8211; <a href=\"https:\/\/coronelxavierchaves.mg.gov.br\/prefeitura\/wp-content\/uploads\/2023\/11\/LOGO-PREFEITURA-CORONEL-XAVIER-CHAVES.zip\">Clique aqui<\/a><\/strong><\/p><br \/>\n<p><strong>BLOCO LOGOMARCAS HORIZONTAL PDF &#8211; <a href=\"https:\/\/coronelxavierchaves.mg.gov.br\/prefeitura\/wp-content\/uploads\/2024\/02\/BlocoLogomarcasLPG-CXC-Horizontal.pdf\">Clique aqui<\/a><\/strong><\/p><br \/>\n<p><strong>BLOCO LOGOMARCARS VERTICAL PDF &#8211; <a href=\"https:\/\/coronelxavierchaves.mg.gov.br\/prefeitura\/wp-content\/uploads\/2024\/02\/BlocoLogomarcasLPG-CXC-Vertical.pdf\">Clique aqui<\/a><\/strong><\/p><br \/>\n<p><strong>BLOCO LOGOMARCAS HORIZONTAL PNG &#8211;\u00a0<\/strong><strong><a href=\"https:\/\/coronelxavierchaves.mg.gov.br\/prefeitura\/wp-content\/uploads\/2024\/02\/BlocoLogomarcasLPG-CXC-Horizontal.png\" data-rel=\"lightbox-image-0\" data-rl_title=\"\" data-rl_caption=\"\" title=\"\">Clique aqui<\/a><\/strong><\/p><br \/>\n<p><strong>BLOCO LOGOMARCAS VERTICAL PNG &#8211; <a href=\"https:\/\/coronelxavierchaves.mg.gov.br\/prefeitura\/wp-content\/uploads\/2024\/02\/BlocoLogomarcasLPG-CXC-Vertical.png\" data-rel=\"lightbox-image-1\" data-rl_title=\"\" data-rl_caption=\"\" title=\"\">Clique aqui<\/a><\/strong><\/p><br \/>\n<hr \/><br \/>\n<p><strong>MANUAIS EM PDF:<\/strong><\/p><br \/>\n<p><strong>MANUAL DAS LOGOMARCAS &#8211; <a href=\"https:\/\/coronelxavierchaves.mg.gov.br\/prefeitura\/wp-content\/uploads\/2024\/02\/Manual-de-Logomarcas-CXC.pdf\">Clique aqui<\/a><\/strong><\/p><br \/>\n<p><strong>MANUAL DE IMPOSTOS &#8211; <a href=\"https:\/\/coronelxavierchaves.mg.gov.br\/prefeitura\/wp-content\/uploads\/2024\/02\/Manual-Impostos-CXC.pdf\">Clique aqui<\/a><\/strong><\/p><br \/>\n<p><strong>ACOMPANHAMENTO DA SECRETARIA MUNICIPAL &#8211; <a href=\"https:\/\/coronelxavierchaves.mg.gov.br\/prefeitura\/wp-content\/uploads\/2024\/02\/Acompanhamento-secretaria-Municipal-CXC.pdf\">Clique aqui<\/a><\/strong><\/p><br \/>\n<hr \/><br \/>\n<p><strong>EDITAIS VER\u00c3O PDF:<\/strong><\/p><br \/>\n<p>Edital para fomento do setor audiovisual &#8211; <strong><a href=\"https:\/\/coronelxavierchaves.mg.gov.br\/prefeitura\/wp-content\/uploads\/2023\/11\/LPG_Audiovisual_assinado.pdf\">Clique aqui<\/a><\/strong><\/p><br \/>\n<p>Edital para para fomento de a\u00e7\u00f5es culturais das demais \u00e1reas da cultura &#8211; <strong><a href=\"https:\/\/coronelxavierchaves.mg.gov.br\/prefeitura\/wp-content\/uploads\/2023\/11\/LPG_Demais_Areas_29_assinado.pdf\">Clique aqui<\/a><\/strong><\/p><br \/>\n<p><span style=\"color: #ff0000;\"><strong>Edital de vagas remanescentes &#8211; <a href=\"https:\/\/coronelxavierchaves.mg.gov.br\/prefeitura\/wp-content\/uploads\/2024\/02\/2024-LPG-Vagas_Remanescente.pdf\">Clique Aqui<\/a><\/strong><\/span><\/p><br \/>\n<p><strong><span style=\"color: #ff0000;\">Edital de vagas remanescentes Novo &#8211;<\/span>\u00a0<\/strong><strong><a href=\"https:\/\/coronelxavierchaves.mg.gov.br\/prefeitura\/wp-content\/uploads\/2024\/11\/Vagas-Remanescentes-LPG-NOVO.pdf\">Clique Aqui &#8211; Novo<\/a><\/strong><\/p><br \/>\n<hr \/><br \/>\n<p><strong>LINK DO FORMUL\u00c1RIO ONLINE DE INSCRI\u00c7\u00c3O AUDIOVISUAL &#8211; <a href=\"https:\/\/forms.gle\/bzpU8GemXvaAcGFu7\" target=\"_blank\" rel=\"noopener\">Clique aqui<\/a><\/strong><\/p><br \/>\n<p><strong>LINK DO FORMUL\u00c1RIO ONLINE DE INSCRI\u00c7\u00c3O DEMAIS \u00c1REAS &#8211; <a href=\"https:\/\/forms.gle\/8NiRaute7UcR9DXq9\" target=\"_blank\" rel=\"noopener\">Clique aqui<\/a><\/strong><\/p><br \/>\n<hr \/><br \/>\n<p><strong>RESULTADOS DO EDITAL DE CHAMAMENTO P\u00cdBLICO &#8211; LEI PAULO GUSTAVO N\u00ba 005\/2023 E N\u00ba 006\/2023:<\/strong><\/p><br \/>\n<ul><br \/>\n<li><a href=\"https:\/\/coronelxavierchaves.mg.gov.br\/prefeitura\/wp-content\/uploads\/2023\/11\/CoronelXavierChavesLPGResultadoClassificatorioF.pdf\">RESULTADO PRELIMINAR<\/a>, publicado em 24\/11\/2023 \u00e0s 21:25h.<\/li><br \/>\n<li><a href=\"https:\/\/coronelxavierchaves.mg.gov.br\/prefeitura\/wp-content\/uploads\/2023\/12\/CoronelXavierChaves-LPG-ResultadoFinal.pdf\">RESULTADO FINAL<\/a>, publicado em 04\/12\/2023 \u00e0s 14:13h.<\/li><br \/>\n<\/ul><br \/>\n<hr \/><br \/>\n<p><strong>RESULTADO DA AN\u00c1LISE CLASSIFICAT\u00d3RIA DO EDITAL DE CHAMAMENTO P\u00daBLICO<\/strong><\/p><br \/>\n<ul><br \/>\n<li><a href=\"https:\/\/coronelxavierchaves.mg.gov.br\/prefeitura\/wp-content\/uploads\/2024\/03\/Resultado-Preliminar-Remanescente.pdf\">RESULTADO PRELIMINAR<\/a>, publicado em 08\/03\/2024 \u00e0s 16:19h.<\/li><br \/>\n<li><a href=\"https:\/\/coronelxavierchaves.mg.gov.br\/prefeitura\/wp-content\/uploads\/2024\/03\/Resultado-Final-LPG.pdf\">RESULTADO FINAL &#8211; VAGAS REMANESCENTES<\/a>, publicado em 15\/03\/2024 \u00e0s 10:55h.<\/li><br \/>\n<li><a href=\"https:\/\/coronelxavierchaves.mg.gov.br\/prefeitura\/wp-content\/uploads\/2025\/06\/Resultado-Final-Vagas-Remanescentes-Audiovisual.pdf\">RESULTADO FINAL &#8211; VAGAS REMANESCENTES AUDIOVISUAL<\/a><\/li><br \/>\n<\/ul><br \/>\n<\/p><\/div><\/div>\n<div class=\"otw-sc-toggle\"><h3 class=\"toggle-trigger widget-title closed\">PRESTA\u00c7\u00c3O DE CONTAS LEI ALDIR BLANC<span class=\"icon\"><\/span><\/h3><div class=\"toggle-content\"><p><br \/>\n<p><a href=\"http:\/\/coronelxavierchaves.mg.gov.br\/prefeitura\/2021\/02\/09\/resultado-do-projeto-emergencial-da-lei-aldir-blanc-2020\/\" target=\"_blank\" rel=\"noopener\">Acessar a Presta\u00e7\u00e3o de Contas<\/a><\/p><br \/>\n<\/p><\/div><\/div>\n<div class=\"otw-sc-toggle\"><h3 class=\"toggle-trigger widget-title closed\">POL\u00cdTICA NACIONAL ALDIR BLANC<span class=\"icon\"><\/span><\/h3><div class=\"toggle-content\"><p><br \/>\n<ul><br \/>\n<li><a href=\"https:\/\/coronelxavierchaves.mg.gov.br\/prefeitura\/wp-content\/uploads\/2024\/07\/DEZDNTHJMG-MUNICIPIO-DE-CORONEL-XAVIER-CHAVES.pdf\"> Plano Anual de Aplica\u00e7\u00e3o dos Recursos (PAAR)<\/a><\/li><br \/>\n<li><a href=\"https:\/\/coronelxavierchaves.mg.gov.br\/prefeitura\/wp-content\/uploads\/2024\/07\/Ata_de_reuniao_de_participacao_social_PNAB_assinado_CXC.pdf\">Ata de Reuni\u00e3o de Participa\u00e7\u00e3o Social PNAB assinado<\/a><\/li><br \/>\n<\/ul><br \/>\n<\/p><\/div><\/div>\n<div class=\"otw-sc-toggle\"><h3 class=\"toggle-trigger widget-title closed\">EVENTOS<span class=\"icon\"><\/span><\/h3><div class=\"toggle-content\"><p><br \/>\n<div class=\"pt-cv-wrapper\"><div class=\"pt-cv-view pt-cv-collapsible\" id=\"pt-cv-view-a3447fa2ti\"><div data-id=\"pt-cv-page-1\" class=\"pt-cv-page\" data-cvc=\"1\"><div class=\"panel-group\" id=\"c62456aq8o\"><div class=\"panel panel-default pt-cv-content-item pt-cv-1-col\" >\r\n<div class=\"panel-heading pt-cv-title\">\r\n    <a class=\"panel-title\" data-toggle=\"cvcollapse\" data-parent=\"#c62456aq8o\" data-target=\"#efda428dyw\" href='https:\/\/coronelxavierchaves.mg.gov.br\/prefeitura\/2021\/09\/24\/ii-seminario-de-patrimonio-cultural-trilha-dos-inconfidentes-2\/' onclick='event.preventDefault()'>\r\n\t\tII Semin\u00e1rio de Patrim\u00f4nio Cultural Trilha dos Inconfidentes\t<\/a>\r\n\t<\/div>\r\n<div id=\"efda428dyw\" class=\"panel-collapse collapse in\">\r\n\t<div class=\"panel-body\">\r\n\t\t<div class=\"pt-cv-content\"><p style=\"text-align: center;\"><strong>II Semin\u00e1rio de Patrim\u00f4nio Cultural Trilha dos Inconfidentes<\/strong><\/p>\n<p style=\"text-align: justify;\">No dia 17 de setembro de 2021, o munic\u00edpio de Coronel Xavier Chaves foi palco para a realiza\u00e7\u00e3o do II Semin\u00e1rio de Patrim\u00f4nio Cultural do Circuito Tur\u00edstico Trilha dos Inconfidentes, cujo tema principal foi \u201cEduca\u00e7\u00e3o Patrimonial\u201d<\/p>\n<p style=\"text-align: justify;\">O Evento iniciou \u00e0s 8 horas, contando com a participa\u00e7\u00e3o de secret\u00e1rios, diretores, conselheiros dos munic\u00edpios que comp\u00f5em o Circuito Tur\u00edstico Trilha dos Inconfidentes e consultorias de Patrim\u00f4nio Cultural.<\/p>\n<p>No per\u00edodo da manh\u00e3 foram respons\u00e1veis pelos trabalhos:<\/p>\n<p style=\"text-align: justify;\">\u2022 Ulisses Passareli: Circuito Tur\u00edstico Trilha dos Inconfidentes, que explanou sobre \u201cExperi\u00eancia e oportunidades em difus\u00e3o cultural e educa\u00e7\u00e3o patrimonial\u201d.<br \/>\n\u2022 Leda B\u00e1rbara Soares: Sustentare Consultoria, fez uma linda apresenta\u00e7\u00e3o sobre: O lugar que eu vivo: Mobgrafia e Patrim\u00f4nio Cultural \u2013 possibilidades e desafios do uso de celulares na educa\u00e7\u00e3o patrimonial.<br \/>\n\u2022 Bruna Caldas, Rog\u00e9rio Stocker e Simone Batista: RM Cultural Consultoria, que encerraram a parte da manh\u00e3 falando sobre \u201cA Import\u00e2ncia da educa\u00e7\u00e3o patrimonial para a preserva\u00e7\u00e3o dos bens protegidos no munic\u00edpio.<\/p>\n<p style=\"text-align: justify;\">No per\u00edodo da tarde os trabalhos foram coordenados por Luzinete Assis de Jesus e Breno Fonseca do Instituto Estadual do Patrim\u00f4nio Hist\u00f3rico e Art\u00edstico de Minas Gerais (IEPHA-MG) que falaram sobre Difus\u00e3o e educa\u00e7\u00e3o para o Patrim\u00f4nio Cultural, momento de esclarecimento de d\u00favidas e considera\u00e7\u00f5es finais.<\/p>\n<p style=\"text-align: justify;\">Momentos de aprendizados, onde todos participantes puderam trocar informa\u00e7\u00f5es e tirar d\u00favidas.<\/p>\n<p style=\"text-align: justify;\">No encerramento tivemos a apresenta\u00e7\u00e3o cultural com o Coral \u201cVoz da Lua\u201d de Coronel Xavier Chaves.<\/p>\n<p>Secretaria Municipal de Cultura, Turismo, Esporte e Lazer<\/p>\n<p><code class=\"rl-shortcode\"><div class=\"rl-gallery-container rl-loading\" id=\"rl-gallery-container-1\" data-gallery_id=\"12119\"> <div class=\"rl-gallery rl-basicgrid-gallery \" id=\"rl-gallery-1\" data-gallery_no=\"1\"> <div class=\"rl-gallery-item\"><a href=\"https:\/\/coronelxavierchaves.mg.gov.br\/prefeitura\/wp-content\/uploads\/2021\/09\/WhatsApp-Image-2021-09-22-at-21.47.22-1.jpeg\" title=\"\" data-rl_title=\"\" class=\"rl-gallery-link\" data-rl_caption=\"\" data-rel=\"lightbox-gallery-1\"><img loading=\"lazy\" decoding=\"async\" src=\"https:\/\/coronelxavierchaves.mg.gov.br\/prefeitura\/wp-content\/uploads\/2021\/09\/WhatsApp-Image-2021-09-22-at-21.47.22-1-300x199.jpeg\" width=\"300\" height=\"199\" alt=\"\" \/><\/a><\/div><div class=\"rl-gallery-item\"><a href=\"https:\/\/coronelxavierchaves.mg.gov.br\/prefeitura\/wp-content\/uploads\/2021\/09\/WhatsApp-Image-2021-09-22-at-21.47.23-1.jpeg\" title=\"\" data-rl_title=\"\" class=\"rl-gallery-link\" data-rl_caption=\"\" data-rel=\"lightbox-gallery-1\"><img loading=\"lazy\" decoding=\"async\" src=\"https:\/\/coronelxavierchaves.mg.gov.br\/prefeitura\/wp-content\/uploads\/2021\/09\/WhatsApp-Image-2021-09-22-at-21.47.23-1-300x199.jpeg\" width=\"300\" height=\"199\" alt=\"\" \/><\/a><\/div><div class=\"rl-gallery-item\"><a href=\"https:\/\/coronelxavierchaves.mg.gov.br\/prefeitura\/wp-content\/uploads\/2021\/09\/WhatsApp-Image-2021-09-22-at-21.47.23-2.jpeg\" title=\"\" data-rl_title=\"\" class=\"rl-gallery-link\" data-rl_caption=\"\" data-rel=\"lightbox-gallery-1\"><img loading=\"lazy\" decoding=\"async\" src=\"https:\/\/coronelxavierchaves.mg.gov.br\/prefeitura\/wp-content\/uploads\/2021\/09\/WhatsApp-Image-2021-09-22-at-21.47.23-2-300x199.jpeg\" width=\"300\" height=\"199\" alt=\"\" \/><\/a><\/div><div class=\"rl-gallery-item\"><a href=\"https:\/\/coronelxavierchaves.mg.gov.br\/prefeitura\/wp-content\/uploads\/2021\/09\/WhatsApp-Image-2021-09-22-at-21.47.23-3.jpeg\" title=\"\" data-rl_title=\"\" class=\"rl-gallery-link\" data-rl_caption=\"\" data-rel=\"lightbox-gallery-1\"><img loading=\"lazy\" decoding=\"async\" src=\"https:\/\/coronelxavierchaves.mg.gov.br\/prefeitura\/wp-content\/uploads\/2021\/09\/WhatsApp-Image-2021-09-22-at-21.47.23-3-300x199.jpeg\" width=\"300\" height=\"199\" alt=\"\" \/><\/a><\/div><div class=\"rl-gallery-item\"><a href=\"https:\/\/coronelxavierchaves.mg.gov.br\/prefeitura\/wp-content\/uploads\/2021\/09\/WhatsApp-Image-2021-09-22-at-21.47.23-4.jpeg\" title=\"\" data-rl_title=\"\" class=\"rl-gallery-link\" data-rl_caption=\"\" data-rel=\"lightbox-gallery-1\"><img loading=\"lazy\" decoding=\"async\" src=\"https:\/\/coronelxavierchaves.mg.gov.br\/prefeitura\/wp-content\/uploads\/2021\/09\/WhatsApp-Image-2021-09-22-at-21.47.23-4-300x199.jpeg\" width=\"300\" height=\"199\" alt=\"\" \/><\/a><\/div><div class=\"rl-gallery-item\"><a href=\"https:\/\/coronelxavierchaves.mg.gov.br\/prefeitura\/wp-content\/uploads\/2021\/09\/WhatsApp-Image-2021-09-22-at-21.47.23.jpeg\" title=\"\" data-rl_title=\"\" class=\"rl-gallery-link\" data-rl_caption=\"\" data-rel=\"lightbox-gallery-1\"><img loading=\"lazy\" decoding=\"async\" src=\"https:\/\/coronelxavierchaves.mg.gov.br\/prefeitura\/wp-content\/uploads\/2021\/09\/WhatsApp-Image-2021-09-22-at-21.47.23-300x199.jpeg\" width=\"300\" height=\"199\" alt=\"\" \/><\/a><\/div><div class=\"rl-gallery-item\"><a href=\"https:\/\/coronelxavierchaves.mg.gov.br\/prefeitura\/wp-content\/uploads\/2021\/09\/WhatsApp-Image-2021-09-22-at-21.47.24-1.jpeg\" title=\"\" data-rl_title=\"\" class=\"rl-gallery-link\" data-rl_caption=\"\" data-rel=\"lightbox-gallery-1\"><img loading=\"lazy\" decoding=\"async\" src=\"https:\/\/coronelxavierchaves.mg.gov.br\/prefeitura\/wp-content\/uploads\/2021\/09\/WhatsApp-Image-2021-09-22-at-21.47.24-1-300x199.jpeg\" width=\"300\" height=\"199\" alt=\"\" \/><\/a><\/div><div class=\"rl-gallery-item\"><a href=\"https:\/\/coronelxavierchaves.mg.gov.br\/prefeitura\/wp-content\/uploads\/2021\/09\/WhatsApp-Image-2021-09-22-at-21.47.25-1.jpeg\" title=\"\" data-rl_title=\"\" class=\"rl-gallery-link\" data-rl_caption=\"\" data-rel=\"lightbox-gallery-1\"><img loading=\"lazy\" decoding=\"async\" src=\"https:\/\/coronelxavierchaves.mg.gov.br\/prefeitura\/wp-content\/uploads\/2021\/09\/WhatsApp-Image-2021-09-22-at-21.47.25-1-300x199.jpeg\" width=\"300\" height=\"199\" alt=\"\" \/><\/a><\/div><div class=\"rl-gallery-item\"><a href=\"https:\/\/coronelxavierchaves.mg.gov.br\/prefeitura\/wp-content\/uploads\/2021\/09\/WhatsApp-Image-2021-09-22-at-21.47.25-2.jpeg\" title=\"\" data-rl_title=\"\" class=\"rl-gallery-link\" data-rl_caption=\"\" data-rel=\"lightbox-gallery-1\"><img loading=\"lazy\" decoding=\"async\" src=\"https:\/\/coronelxavierchaves.mg.gov.br\/prefeitura\/wp-content\/uploads\/2021\/09\/WhatsApp-Image-2021-09-22-at-21.47.25-2-300x199.jpeg\" width=\"300\" height=\"199\" alt=\"\" \/><\/a><\/div><div class=\"rl-gallery-item\"><a href=\"https:\/\/coronelxavierchaves.mg.gov.br\/prefeitura\/wp-content\/uploads\/2021\/09\/WhatsApp-Image-2021-09-22-at-21.47.25.jpeg\" title=\"\" data-rl_title=\"\" class=\"rl-gallery-link\" data-rl_caption=\"\" data-rel=\"lightbox-gallery-1\"><img loading=\"lazy\" decoding=\"async\" src=\"https:\/\/coronelxavierchaves.mg.gov.br\/prefeitura\/wp-content\/uploads\/2021\/09\/WhatsApp-Image-2021-09-22-at-21.47.25-300x199.jpeg\" width=\"300\" height=\"199\" alt=\"\" \/><\/a><\/div><div class=\"rl-gallery-item\"><a href=\"https:\/\/coronelxavierchaves.mg.gov.br\/prefeitura\/wp-content\/uploads\/2021\/09\/WhatsApp-Image-2021-09-22-at-21.47.26.jpeg\" title=\"\" data-rl_title=\"\" class=\"rl-gallery-link\" data-rl_caption=\"\" data-rel=\"lightbox-gallery-1\"><img loading=\"lazy\" decoding=\"async\" src=\"https:\/\/coronelxavierchaves.mg.gov.br\/prefeitura\/wp-content\/uploads\/2021\/09\/WhatsApp-Image-2021-09-22-at-21.47.26-300x199.jpeg\" width=\"300\" height=\"199\" alt=\"\" \/><\/a><\/div><div class=\"rl-gallery-item\"><a href=\"https:\/\/coronelxavierchaves.mg.gov.br\/prefeitura\/wp-content\/uploads\/2021\/09\/WhatsApp-Image-2021-09-23-at-10.31.40.jpeg\" title=\"\" data-rl_title=\"\" class=\"rl-gallery-link\" data-rl_caption=\"\" data-rel=\"lightbox-gallery-1\"><img loading=\"lazy\" decoding=\"async\" src=\"https:\/\/coronelxavierchaves.mg.gov.br\/prefeitura\/wp-content\/uploads\/2021\/09\/WhatsApp-Image-2021-09-23-at-10.31.40-300x225.jpeg\" width=\"300\" height=\"225\" alt=\"\" \/><\/a><\/div><div class=\"rl-gallery-item\"><a href=\"https:\/\/coronelxavierchaves.mg.gov.br\/prefeitura\/wp-content\/uploads\/2021\/09\/WhatsApp-Image-2021-09-23-at-10.33.09.jpeg\" title=\"\" data-rl_title=\"\" class=\"rl-gallery-link\" data-rl_caption=\"\" data-rel=\"lightbox-gallery-1\"><img loading=\"lazy\" decoding=\"async\" src=\"https:\/\/coronelxavierchaves.mg.gov.br\/prefeitura\/wp-content\/uploads\/2021\/09\/WhatsApp-Image-2021-09-23-at-10.33.09-300x225.jpeg\" width=\"300\" height=\"225\" alt=\"\" \/><\/a><\/div><div class=\"rl-gallery-item\"><a href=\"https:\/\/coronelxavierchaves.mg.gov.br\/prefeitura\/wp-content\/uploads\/2021\/09\/WhatsApp-Image-2021-09-23-at-10.34.31.jpeg\" title=\"\" data-rl_title=\"\" class=\"rl-gallery-link\" data-rl_caption=\"\" data-rel=\"lightbox-gallery-1\"><img loading=\"lazy\" decoding=\"async\" src=\"https:\/\/coronelxavierchaves.mg.gov.br\/prefeitura\/wp-content\/uploads\/2021\/09\/WhatsApp-Image-2021-09-23-at-10.34.31-300x225.jpeg\" width=\"300\" height=\"225\" alt=\"\" \/><\/a><\/div> <\/div> <\/div><\/code><\/p>\n<\/div>\t<\/div>\r\n<\/div><\/div><\/div><\/div><\/div><\/div><br \/>\n<\/p><\/div><\/div>\n","protected":false},"excerpt":{"rendered":"<p>&nbsp;<\/p>\n","protected":false},"author":3,"featured_media":0,"parent":0,"menu_order":0,"comment_status":"closed","ping_status":"closed","template":"","meta":{"footnotes":"","_links_to":"","_links_to_target":""},"class_list":["post-8327","page","type-page","status-publish"],"_links":{"self":[{"href":"https:\/\/coronelxavierchaves.mg.gov.br\/prefeitura\/wp-json\/wp\/v2\/pages\/8327","targetHints":{"allow":["GET"]}}],"collection":[{"href":"https:\/\/coronelxavierchaves.mg.gov.br\/prefeitura\/wp-json\/wp\/v2\/pages"}],"about":[{"href":"https:\/\/coronelxavierchaves.mg.gov.br\/prefeitura\/wp-json\/wp\/v2\/types\/page"}],"author":[{"embeddable":true,"href":"https:\/\/coronelxavierchaves.mg.gov.br\/prefeitura\/wp-json\/wp\/v2\/users\/3"}],"replies":[{"embeddable":true,"href":"https:\/\/coronelxavierchaves.mg.gov.br\/prefeitura\/wp-json\/wp\/v2\/comments?post=8327"}],"version-history":[{"count":65,"href":"https:\/\/coronelxavierchaves.mg.gov.br\/prefeitura\/wp-json\/wp\/v2\/pages\/8327\/revisions"}],"predecessor-version":[{"id":26686,"href":"https:\/\/coronelxavierchaves.mg.gov.br\/prefeitura\/wp-json\/wp\/v2\/pages\/8327\/revisions\/26686"}],"wp:attachment":[{"href":"https:\/\/coronelxavierchaves.mg.gov.br\/prefeitura\/wp-json\/wp\/v2\/media?parent=8327"}],"curies":[{"name":"wp","href":"https:\/\/api.w.org\/{rel}","templated":true}]}}